{"id":6035,"date":"2026-04-29T20:35:55","date_gmt":"2026-04-29T20:35:55","guid":{"rendered":"https:\/\/bilgitarif.com\/yeni\/wp-content\/uploads\/2026\/04\/bbs-25.jpg"},"modified":"2026-04-29T20:36:19","modified_gmt":"2026-04-29T20:36:19","slug":"bbs-71","status":"inherit","type":"attachment","link":"https:\/\/bilgitarif.com\/yeni\/kocam-tek-duzgun-elbisemi-aldi-bu-yuzden-onun-terfi-partisine-katilamadim\/bbs-71\/","title":{"rendered":"b\u00f6l2"},"author":1,"featured_media":0,"comment_status":"open","ping_status":"closed","template":"","meta":[],"class_list":["post-6035","attachment","type-attachment","status-inherit","hentry"],"description":{"rendered":"<p class=\"attachment\"><a href='https:\/\/bilgitarif.com\/yeni\/wp-content\/uploads\/2026\/04\/bbs-25.jpg'><img loading=\"lazy\" decoding=\"async\" width=\"300\" height=\"163\" src=\"https:\/\/bilgitarif.com\/yeni\/wp-content\/uploads\/2026\/04\/bbs-25-300x163.jpg\" class=\"attachment-medium size-medium\" alt=\"\" srcset=\"https:\/\/bilgitarif.com\/yeni\/wp-content\/uploads\/2026\/04\/bbs-25-300x163.jpg 300w, https:\/\/bilgitarif.com\/yeni\/wp-content\/uploads\/2026\/04\/bbs-25.jpg 696w\" sizes=\"auto, (max-width: 300px) 100vw, 300px\" \/><\/a><\/p>\n"},"caption":{"rendered":"<p>&#8220;B\u00d6L\u00dcM 2: \u0130stanbul Royal Palace Otel&#8217;in i\u00e7inde, balo salonu ihti\u015fam ve zarafetle par\u0131ld\u0131yordu.<br \/>\nKristal avizeler mermer zemine s\u0131cak alt\u0131n \u0131\u015f\u0131klar sa\u00e7\u0131yor, hava pahal\u0131 parf\u00fcm ve \u015fampanyan\u0131n yumu\u015fak kar\u0131\u015f\u0131m\u0131n\u0131 ta\u015f\u0131yordu. Kahkahalar, toku\u015fan kadehler ve sessiz anla\u015fmalar salonun her k\u00f6\u015fesini dolduruyordu.<br \/>\nHer \u015feyin merkezinde Ahmet Y\u0131lmaz vard\u0131; kusursuz dikilmi\u015f siyah smokini i\u00e7inde, elinde bir kadeh \u015fampanya tutuyordu.<br \/>\nKolu kendinden emin bir \u015fekilde Elif Demir\u2019e dolanm\u0131\u015ft\u0131, sanki salon zaten onlar\u0131nm\u0131\u015f gibi ona do\u011fru e\u011filiyordu.<br \/>\n\u00dcst d\u00fczey y\u00f6neticilerden biri elini s\u0131karak, \u201cTebrikler Ahmet,\u201d dedi. \u201cBu gece Ba\u015fkan\u2019\u0131n kendisinin de kat\u0131laca\u011f\u0131n\u0131 duydum. \u0130lk defa y\u00fcz\u00fcn\u00fc herkese g\u00f6sterecekmi\u015f. Senin i\u00e7in b\u00fcy\u00fck gece.\u201d<br \/>\nAhmet \u00e7enesini hafif\u00e7e kald\u0131rarak s\u0131r\u0131tt\u0131.<br \/>\n\u201cTabii ki \u00f6yle,\u201d dedi, sesi gururla doluydu. \u201c\u015eirketteki en iyi ba\u015fkan yard\u0131mc\u0131s\u0131 benim. Ba\u015fka kimden etkilenebilir ki?\u201d<br \/>\nElif\u2019e bakt\u0131 ve elini s\u0131kt\u0131.<br \/>\n\u201cVe d\u00fcr\u00fcst olal\u0131m\u2026 bize bak. Biz tam olarak bu \u015firketin temsil etti\u011fi gibiyiz.\u201d<br \/>\nElif ba\u015f\u0131n\u0131 omzuna yaslayarak hafif\u00e7e g\u00fcld\u00fc.<br \/>\n\u201cM\u00fckemmel bir e\u015fle\u015fme,\u201d diye ekledi.<br \/>\nBirlikte g\u00fcld\u00fcler; sadece saatler \u00f6nce Ahmet\u2019in, kar\u015f\u0131la\u015fmak \u00fczere olduklar\u0131 kad\u0131n\u0131n hayat\u0131n\u0131 nas\u0131l parampar\u00e7a etti\u011finden tamamen habersizdiler. Elbisesini yakm\u0131\u015f, onu \u00f6nemsiz biri gibi g\u00f6rm\u00fc\u015ft\u00fc.<br \/>\nM\u00fczik aniden durdu.<br \/>\nSalon sessizli\u011fe g\u00f6m\u00fcld\u00fc.<br \/>\nSonra \u0131\u015f\u0131klar s\u00f6nd\u00fc.<br \/>\nKalabal\u0131\u011f\u0131n aras\u0131nda hafif bir f\u0131s\u0131lt\u0131 yay\u0131ld\u0131. Ard\u0131ndan tek ve g\u00fc\u00e7l\u00fc bir spot \u0131\u015f\u0131\u011f\u0131 b\u00fcy\u00fck giri\u015f kap\u0131s\u0131n\u0131 ayd\u0131nlatt\u0131.<br \/>\nA\u011f\u0131r \u00e7ift kap\u0131lar birka\u00e7 saniye kapal\u0131 kald\u0131; t\u00fcm salon nefesini tutmu\u015f bekliyordu.<br \/>\nVe sonra\u2026<br \/>\nYava\u015f\u00e7a a\u00e7\u0131ld\u0131lar.<br \/>\n\u015eirketin uzun y\u0131llard\u0131r genel m\u00fcd\u00fcr\u00fc olan Hakan Karaca sahneye \u00e7\u0131kt\u0131. Varl\u0131\u011f\u0131 tek ba\u015f\u0131na bile t\u00fcm dikkatleri \u00fczerine \u00e7ekmeye yetiyordu.<br \/>\n\u201cHan\u0131mefendiler, beyefendiler,\u201d diye ba\u015flad\u0131, sesi derin ve net bir \u015fekilde salonda yank\u0131land\u0131.<br \/>\n\u201cY\u0131llard\u0131r halk\u0131n g\u00f6z\u00fcnden uzak kalmay\u0131 tercih etti. Ama bu gece\u2026 \u00f6ne \u00e7\u0131kmaya karar verdi.\u201d<br \/>\nDuraksad\u0131.<br \/>\n\u201cZirve Holding\u2019in kurucusunu, tek sahibini ve Y\u00fcce Ba\u015fkan\u0131n\u0131 takdim etmekten b\u00fcy\u00fck onur duyuyorum\u2026\u201d<br \/>\nBak\u0131\u015flar\u0131n\u0131 giri\u015f kap\u0131s\u0131na \u00e7evirdi.<br \/>\n\u201cSay\u0131n Ceren Y\u0131lmaz.\u201d<br \/>\nKap\u0131lar tamamen a\u00e7\u0131ld\u0131.<br \/>\n\u00d6nce on iki ki\u015filik \u00f6zel g\u00fcvenlik ekibi i\u00e7eri girdi; kusursuz bir d\u00fczenle ilerleyip k\u0131rm\u0131z\u0131 hal\u0131da bana yol a\u00e7t\u0131lar.<br \/>\nVe sonra\u2014<br \/>\nBen i\u00e7eri girdim.<br \/>\nSalonun tamam\u0131 nefesini tutmu\u015f gibiydi.<\/p>\n"},"alt_text":"","media_type":"image","mime_type":"image\/jpeg","media_details":{"width":696,"height":377,"file":"2026\/04\/bbs-25.jpg","filesize":22061,"sizes":{"medium":{"file":"bbs-25-300x163.jpg","width":300,"height":163,"filesize":5316,"mime_type":"image\/jpeg","source_url":"https:\/\/bilgitarif.com\/yeni\/wp-content\/uploads\/2026\/04\/bbs-25-300x163.jpg"},"thumbnail":{"file":"bbs-25-150x150.jpg","width":150,"height":150,"filesize":4162,"mime_type":"image\/jpeg","source_url":"https:\/\/bilgitarif.com\/yeni\/wp-content\/uploads\/2026\/04\/bbs-25-150x150.jpg"},"full":{"file":"bbs-25.jpg","width":696,"height":377,"mime_type":"image\/jpeg","source_url":"https:\/\/bilgitarif.com\/yeni\/wp-content\/uploads\/2026\/04\/bbs-25.jpg"}},"image_meta":{"aperture":"0","credit":"","camera":"","caption":"","created_timestamp":"0","copyright":"","focal_length":"0","iso":"0","shutter_speed":"0","title":"","orientation":"0","keywords":[]}},"post":6033,"source_url":"https:\/\/bilgitarif.com\/yeni\/wp-content\/uploads\/2026\/04\/bbs-25.jpg","_links":{"self":[{"href":"https:\/\/bilgitarif.com\/yeni\/wp-json\/wp\/v2\/media\/6035","targetHints":{"allow":["GET"]}}],"collection":[{"href":"https:\/\/bilgitarif.com\/yeni\/wp-json\/wp\/v2\/media"}],"about":[{"href":"https:\/\/bilgitarif.com\/yeni\/wp-json\/wp\/v2\/types\/attachment"}],"author":[{"embeddable":true,"href":"https:\/\/bilgitarif.com\/yeni\/wp-json\/wp\/v2\/users\/1"}],"replies":[{"embeddable":true,"href":"https:\/\/bilgitarif.com\/yeni\/wp-json\/wp\/v2\/comments?post=6035"}],"wp:attached-to":[{"embeddable":true,"post_type":"post","id":6033,"href":"https:\/\/bilgitarif.com\/yeni\/wp-json\/wp\/v2\/posts\/6033"}],"curies":[{"name":"wp","href":"https:\/\/api.w.org\/{rel}","templated":true}]}}

böl2

<p>&#8220;BÖLÜM 2: İstanbul Royal Palace Otel&#8217;in içinde, balo salonu ihtişam ve zarafetle parıldıyordu.<br />
Kristal avizeler mermer zemine sıcak altın ışıklar saçıyor, hava pahalı parfüm ve şampanyanın yumuşak karışımını taşıyordu. Kahkahalar, tokuşan kadehler ve sessiz anlaşmalar salonun her köşesini dolduruyordu.<br />
Her şeyin merkezinde Ahmet Yılmaz vardı; kusursuz dikilmiş siyah smokini içinde, elinde bir kadeh şampanya tutuyordu.<br />
Kolu kendinden emin bir şekilde Elif Demir’e dolanmıştı, sanki salon zaten onlarınmış gibi ona doğru eğiliyordu.<br />
Üst düzey yöneticilerden biri elini sıkarak, “Tebrikler Ahmet,” dedi. “Bu gece Başkan’ın kendisinin de katılacağını duydum. İlk defa yüzünü herkese gösterecekmiş. Senin için büyük gece.”<br />
Ahmet çenesini hafifçe kaldırarak sırıttı.<br />
“Tabii ki öyle,” dedi, sesi gururla doluydu. “Şirketteki en iyi başkan yardımcısı benim. Başka kimden etkilenebilir ki?”<br />
Elif’e baktı ve elini sıktı.<br />
“Ve dürüst olalım… bize bak. Biz tam olarak bu şirketin temsil ettiği gibiyiz.”<br />
Elif başını omzuna yaslayarak hafifçe güldü.<br />
“Mükemmel bir eşleşme,” diye ekledi.<br />
Birlikte güldüler; sadece saatler önce Ahmet’in, karşılaşmak üzere oldukları kadının hayatını nasıl paramparça ettiğinden tamamen habersizdiler. Elbisesini yakmış, onu önemsiz biri gibi görmüştü.<br />
Müzik aniden durdu.<br />
Salon sessizliğe gömüldü.<br />
Sonra ışıklar söndü.<br />
Kalabalığın arasında hafif bir fısıltı yayıldı. Ardından tek ve güçlü bir spot ışığı büyük giriş kapısını aydınlattı.<br />
Ağır çift kapılar birkaç saniye kapalı kaldı; tüm salon nefesini tutmuş bekliyordu.<br />
Ve sonra…<br />
Yavaşça açıldılar.<br />
Şirketin uzun yıllardır genel müdürü olan Hakan Karaca sahneye çıktı. Varlığı tek başına bile tüm dikkatleri üzerine çekmeye yetiyordu.<br />
“Hanımefendiler, beyefendiler,” diye başladı, sesi derin ve net bir şekilde salonda yankılandı.<br />
“Yıllardır halkın gözünden uzak kalmayı tercih etti. Ama bu gece… öne çıkmaya karar verdi.”<br />
Duraksadı.<br />
“Zirve Holding’in kurucusunu, tek sahibini ve Yüce Başkanını takdim etmekten büyük onur duyuyorum…”<br />
Bakışlarını giriş kapısına çevirdi.<br />
“Sayın Ceren Yılmaz.”<br />
Kapılar tamamen açıldı.<br />
Önce on iki kişilik özel güvenlik ekibi içeri girdi; kusursuz bir düzenle ilerleyip kırmızı halıda bana yol açtılar.<br />
Ve sonra—<br />
Ben içeri girdim.<br />
Salonun tamamı nefesini tutmuş gibiydi.</p>
