{"id":6034,"date":"2026-04-29T20:35:29","date_gmt":"2026-04-29T20:35:29","guid":{"rendered":"https:\/\/bilgitarif.com\/yeni\/wp-content\/uploads\/2026\/04\/kcm.jpg"},"modified":"2026-04-29T20:35:41","modified_gmt":"2026-04-29T20:35:41","slug":"kcm","status":"inherit","type":"attachment","link":"https:\/\/bilgitarif.com\/yeni\/kocam-tek-duzgun-elbisemi-aldi-bu-yuzden-onun-terfi-partisine-katilamadim\/kcm\/","title":{"rendered":"&#8220;Kocam tek d\u00fczg\u00fcn elbisemi ald\u0131, bu y\u00fczden onun terfi partisine kat\u0131lamad\u0131m."},"author":1,"featured_media":0,"comment_status":"open","ping_status":"closed","template":"","meta":[],"class_list":["post-6034","attachment","type-attachment","status-inherit","hentry"],"description":{"rendered":"<p class=\"attachment\"><a href='https:\/\/bilgitarif.com\/yeni\/wp-content\/uploads\/2026\/04\/kcm.jpg'><img loading=\"lazy\" decoding=\"async\" width=\"242\" height=\"300\" src=\"https:\/\/bilgitarif.com\/yeni\/wp-content\/uploads\/2026\/04\/kcm-242x300.jpg\" class=\"attachment-medium size-medium\" alt=\"\" srcset=\"https:\/\/bilgitarif.com\/yeni\/wp-content\/uploads\/2026\/04\/kcm-242x300.jpg 242w, https:\/\/bilgitarif.com\/yeni\/wp-content\/uploads\/2026\/04\/kcm.jpg 516w\" sizes=\"auto, (max-width: 242px) 100vw, 242px\" \/><\/a><\/p>\n"},"caption":{"rendered":"<p>&#8220;Kocam tek d\u00fczg\u00fcn elbisemi ald\u0131, bu y\u00fczden onun terfi partisine kat\u0131lamad\u0131m. Bana &#8220;utan\u00e7&#8221; dedi.\u201d Ama b\u00fcy\u00fck balo salonunun kap\u0131s\u0131 a\u00e7\u0131ld\u0131\u011f\u0131nda, hi\u00e7 ummad\u0131\u011f\u0131 bir \u015fekilde ortaya \u00e7\u0131kt\u0131m &#8211; ve o gece onun d\u00fcnyas\u0131n\u0131 tamamen mahvetti.<\/p>\n<p>Ahmet ve ben yedi y\u0131ld\u0131r evliydik. O y\u0131llarda bizi ta\u015f\u0131yan bendim. Birden fazla i\u015fte \u00e7al\u0131\u015ft\u0131m, e\u015fyalar\u0131m\u0131 satt\u0131m ve her \u015feyimi feda ettim b\u00f6ylece s\u0131navlar\u0131n\u0131 bitirip Zirve Holding&#8217;de milyar dolarl\u0131k bir \u015firkette y\u00fckselebilsin diye.<\/p>\n<p>Bu gece onun an\u0131 olmal\u0131yd\u0131. Operasyonlardan sorumlu ba\u015fkan yard\u0131mc\u0131l\u0131\u011f\u0131na yeni terfi etmi\u015fti. S\u0131rf yan\u0131nda gururla durabilmek i\u00e7in sade mavi bir elbise almak i\u00e7in aylarca para biriktirmi\u015ftim.<\/p>\n<p>Ama ayr\u0131lmam\u0131zdan sadece bir saat \u00f6nce, arka bah\u00e7ede yanan bir \u015feyin kokusunu ald\u0131m.<\/p>\n<p>D\u0131\u015far\u0131 ko\u015ftum &#8211; ve dondum.<\/p>\n<p>Ahmet smokiniyle orada durdu, elinde \u00e7akmak gaz\u0131 vard\u0131. Elbisem mangal\u0131n \u00fczerindeydi, alevler taraf\u0131ndan k\u00fcl olmu\u015ftu.<\/p>\n<p>&#8220;Ahmet?! Ne yap\u0131yorsun?!\u201d diye a\u011flad\u0131m, ko\u015farak ileri gittim, ama o beni geri itti.<\/p>\n<p>&#8220;Zahmet etme,&#8221; dedi so\u011fuk bir \u015fekilde. &#8220;Bu \u00e7\u00f6p. T\u0131pk\u0131 senin gibi.\u201d<\/p>\n<p>Kalbim par\u00e7aland\u0131. \u201cBunu neden yapt\u0131n? Seninle nas\u0131l gelece\u011fim?\u201d<\/p>\n<p>Bana saf bir k\u00fc\u00e7\u00fcmsemeyle bakt\u0131. &#8220;Kesinlikle gelmeyeceksin. Kendine bak &#8211; ellerine, kokuna, giyini\u015f \u015fekline. Art\u0131k ba\u015fkan yard\u0131mc\u0131s\u0131y\u0131m. Benim \u00e7evrem farkl\u0131. Art\u0131k buraya ait de\u011filsin.\u201d<\/p>\n<p>Titredim, g\u00f6zya\u015flar\u0131m d\u00f6k\u00fcl\u00fcyordu. &#8220;Oraya ula\u015fmana yard\u0131m ettim&#8230; Hi\u00e7bir \u015feyin yokken ben senin yan\u0131ndayd\u0131m&#8230;\u201d<\/p>\n<p>S\u0131r\u0131tt\u0131. &#8220;Ve ben seni telafi ediyorum, de\u011fil mi? Evde kal. Elif\u2019i davet ettim &#8211; genel m\u00fcd\u00fcr\u00fcn k\u0131z\u0131. \u0130maj\u0131ma uyuyor. Ortaya \u00e7\u0131kmaya \u00e7al\u0131\u015f\u0131rsan g\u00fcvenlik seni uzakla\u015ft\u0131r\u0131r.\u201d<\/p>\n<p>Beni orada b\u0131rakt\u0131, elbisemin k\u00fcl olmas\u0131n\u0131 seyrederek.<\/p>\n<p>Ama i\u00e7imde bir \u015feyler de\u011fi\u015fti.<\/p>\n<p>Keder soldu.<\/p>\n<p>Ve yerini daha so\u011fuk bir \u015fey ald\u0131.<\/p>\n<p>Ahmet benim bir hi\u00e7 oldu\u011fuma inand\u0131.<\/p>\n<p>Hi\u00e7bir fikri yoktu.<\/p>\n<p>Zirve Holding &#8211; tapt\u0131\u011f\u0131 o imparatorluk &#8211; aileme aitti.<\/p>\n<p>Benim ad\u0131m Ceren Y\u0131lmaz. Tek miras\u00e7\u0131 benim&#8230; ve hizmet etti\u011fi \u015firketin gizli ba\u015fkan\u0131.<\/p>\n<p>Yedi y\u0131l \u00f6nce ger\u00e7ek a\u015fk\u0131 ya\u015famak i\u00e7in her \u015feyden vazge\u00e7tim. Basit ya\u015famay\u0131 se\u00e7tim, onu desteklemeyi, beni oldu\u011fum gibi sevip sevemeyece\u011fini g\u00f6rmek i\u00e7in.<\/p>\n<p>Ba\u015far\u0131s\u0131z oldu.<\/p>\n<p>Aya\u011fa kalkt\u0131m, g\u00f6zya\u015flar\u0131m\u0131 sildim ve bir \u00e7a\u011fr\u0131 yapt\u0131m.<\/p>\n<p>&#8220;Bay Hakan Karaca.\u201d<\/p>\n<p>An\u0131nda cevap verdi.<\/p>\n<p>\u201cSay\u0131n Ba\u015fkan\u0131m.\u201d<\/p>\n<p>\u201cBu geceki galaya haz\u0131r m\u0131s\u0131n\u0131z?\u201d<\/p>\n<p>&#8220;Evet,&#8221; dedim, sesim so\u011fuk. &#8220;Ekibi g\u00f6nderin. Paris elbisemi ve 50 milyon liral\u0131k p\u0131rlanta setimi haz\u0131rlay\u0131n. Bu gece&#8230; bir krali\u00e7e olarak geliyorum.\u201d<\/p>\n"},"alt_text":"","media_type":"image","mime_type":"image\/jpeg","media_details":{"width":516,"height":640,"file":"2026\/04\/kcm.jpg","filesize":43577,"sizes":{"medium":{"file":"kcm-242x300.jpg","width":242,"height":300,"filesize":17231,"mime_type":"image\/jpeg","source_url":"https:\/\/bilgitarif.com\/yeni\/wp-content\/uploads\/2026\/04\/kcm-242x300.jpg"},"thumbnail":{"file":"kcm-150x150.jpg","width":150,"height":150,"filesize":6959,"mime_type":"image\/jpeg","source_url":"https:\/\/bilgitarif.com\/yeni\/wp-content\/uploads\/2026\/04\/kcm-150x150.jpg"},"full":{"file":"kcm.jpg","width":516,"height":640,"mime_type":"image\/jpeg","source_url":"https:\/\/bilgitarif.com\/yeni\/wp-content\/uploads\/2026\/04\/kcm.jpg"}},"image_meta":{"aperture":"0","credit":"","camera":"","caption":"","created_timestamp":"0","copyright":"","focal_length":"0","iso":"0","shutter_speed":"0","title":"","orientation":"0","keywords":[]}},"post":6033,"source_url":"https:\/\/bilgitarif.com\/yeni\/wp-content\/uploads\/2026\/04\/kcm.jpg","_links":{"self":[{"href":"https:\/\/bilgitarif.com\/yeni\/wp-json\/wp\/v2\/media\/6034","targetHints":{"allow":["GET"]}}],"collection":[{"href":"https:\/\/bilgitarif.com\/yeni\/wp-json\/wp\/v2\/media"}],"about":[{"href":"https:\/\/bilgitarif.com\/yeni\/wp-json\/wp\/v2\/types\/attachment"}],"author":[{"embeddable":true,"href":"https:\/\/bilgitarif.com\/yeni\/wp-json\/wp\/v2\/users\/1"}],"replies":[{"embeddable":true,"href":"https:\/\/bilgitarif.com\/yeni\/wp-json\/wp\/v2\/comments?post=6034"}],"wp:attached-to":[{"embeddable":true,"post_type":"post","id":6033,"href":"https:\/\/bilgitarif.com\/yeni\/wp-json\/wp\/v2\/posts\/6033"}],"curies":[{"name":"wp","href":"https:\/\/api.w.org\/{rel}","templated":true}]}}

&#8220;Kocam tek düzgün elbisemi aldı, bu yüzden onun terfi partisine katılamadım.

<p>&#8220;Kocam tek düzgün elbisemi aldı, bu yüzden onun terfi partisine katılamadım. Bana &#8220;utanç&#8221; dedi.” Ama büyük balo salonunun kapısı açıldığında, hiç ummadığı bir şekilde ortaya çıktım &#8211; ve o gece onun dünyasını tamamen mahvetti.</p>
<p>Ahmet ve ben yedi yıldır evliydik. O yıllarda bizi taşıyan bendim. Birden fazla işte çalıştım, eşyalarımı sattım ve her şeyimi feda ettim böylece sınavlarını bitirip Zirve Holding&#8217;de milyar dolarlık bir şirkette yükselebilsin diye.</p>
<p>Bu gece onun anı olmalıydı. Operasyonlardan sorumlu başkan yardımcılığına yeni terfi etmişti. Sırf yanında gururla durabilmek için sade mavi bir elbise almak için aylarca para biriktirmiştim.</p>
<p>Ama ayrılmamızdan sadece bir saat önce, arka bahçede yanan bir şeyin kokusunu aldım.</p>
<p>Dışarı koştum &#8211; ve dondum.</p>
<p>Ahmet smokiniyle orada durdu, elinde çakmak gazı vardı. Elbisem mangalın üzerindeydi, alevler tarafından kül olmuştu.</p>
<p>&#8220;Ahmet?! Ne yapıyorsun?!” diye ağladım, koşarak ileri gittim, ama o beni geri itti.</p>
<p>&#8220;Zahmet etme,&#8221; dedi soğuk bir şekilde. &#8220;Bu çöp. Tıpkı senin gibi.”</p>
<p>Kalbim parçalandı. “Bunu neden yaptın? Seninle nasıl geleceğim?”</p>
<p>Bana saf bir küçümsemeyle baktı. &#8220;Kesinlikle gelmeyeceksin. Kendine bak &#8211; ellerine, kokuna, giyiniş şekline. Artık başkan yardımcısıyım. Benim çevrem farklı. Artık buraya ait değilsin.”</p>
<p>Titredim, gözyaşlarım dökülüyordu. &#8220;Oraya ulaşmana yardım ettim&#8230; Hiçbir şeyin yokken ben senin yanındaydım&#8230;”</p>
<p>Sırıttı. &#8220;Ve ben seni telafi ediyorum, değil mi? Evde kal. Elif’i davet ettim &#8211; genel müdürün kızı. İmajıma uyuyor. Ortaya çıkmaya çalışırsan güvenlik seni uzaklaştırır.”</p>
<p>Beni orada bıraktı, elbisemin kül olmasını seyrederek.</p>
<p>Ama içimde bir şeyler değişti.</p>
<p>Keder soldu.</p>
<p>Ve yerini daha soğuk bir şey aldı.</p>
<p>Ahmet benim bir hiç olduğuma inandı.</p>
<p>Hiçbir fikri yoktu.</p>
<p>Zirve Holding &#8211; taptığı o imparatorluk &#8211; aileme aitti.</p>
<p>Benim adım Ceren Yılmaz. Tek mirasçı benim&#8230; ve hizmet ettiği şirketin gizli başkanı.</p>
<p>Yedi yıl önce gerçek aşkı yaşamak için her şeyden vazgeçtim. Basit yaşamayı seçtim, onu desteklemeyi, beni olduğum gibi sevip sevemeyeceğini görmek için.</p>
<p>Başarısız oldu.</p>
<p>Ayağa kalktım, gözyaşlarımı sildim ve bir çağrı yaptım.</p>
<p>&#8220;Bay Hakan Karaca.”</p>
<p>Anında cevap verdi.</p>
<p>“Sayın Başkanım.”</p>
<p>“Bu geceki galaya hazır mısınız?”</p>
<p>&#8220;Evet,&#8221; dedim, sesim soğuk. &#8220;Ekibi gönderin. Paris elbisemi ve 50 milyon liralık pırlanta setimi hazırlayın. Bu gece&#8230; bir kraliçe olarak geliyorum.”</p>
