{"id":5997,"date":"2026-04-28T20:00:23","date_gmt":"2026-04-28T20:00:23","guid":{"rendered":"https:\/\/bilgitarif.com\/yeni\/wp-content\/uploads\/2026\/04\/gfd.jpg"},"modified":"2026-04-28T20:00:31","modified_gmt":"2026-04-28T20:00:31","slug":"gfd","status":"inherit","type":"attachment","link":"https:\/\/bilgitarif.com\/yeni\/miras-icin-yapilan-evlilik\/gfd\/","title":{"rendered":"Miras \u0130\u00e7in Yap\u0131lan Evlilik"},"author":1,"featured_media":0,"comment_status":"open","ping_status":"closed","template":"","meta":[],"class_list":["post-5997","attachment","type-attachment","status-inherit","hentry"],"description":{"rendered":"<p class=\"attachment\"><a href='https:\/\/bilgitarif.com\/yeni\/wp-content\/uploads\/2026\/04\/gfd.jpg'><img loading=\"lazy\" decoding=\"async\" width=\"241\" height=\"300\" src=\"https:\/\/bilgitarif.com\/yeni\/wp-content\/uploads\/2026\/04\/gfd-241x300.jpg\" class=\"attachment-medium size-medium\" alt=\"\" srcset=\"https:\/\/bilgitarif.com\/yeni\/wp-content\/uploads\/2026\/04\/gfd-241x300.jpg 241w, https:\/\/bilgitarif.com\/yeni\/wp-content\/uploads\/2026\/04\/gfd-822x1024.jpg 822w, https:\/\/bilgitarif.com\/yeni\/wp-content\/uploads\/2026\/04\/gfd-768x957.jpg 768w, https:\/\/bilgitarif.com\/yeni\/wp-content\/uploads\/2026\/04\/gfd.jpg 912w\" sizes=\"auto, (max-width: 241px) 100vw, 241px\" \/><\/a><\/p>\n"},"caption":{"rendered":"<p>\u00d6z sayg\u0131mdan \u00f6d\u00fcn vererek g\u00fcvenli bir gelece\u011fi se\u00e7ti\u011fimi sanarak, en yak\u0131n arkada\u015f\u0131m\u0131n zengin dedesiyle evlendim. D\u00fc\u011f\u00fcn gecemizde bana her \u015feyi de\u011fi\u015ftiren bir ger\u00e7ek s\u00f6yledi; utan\u00e7 verici bir pazarl\u0131k olarak ba\u015flayan bu durum; onur, sadakat ve a\u00e7g\u00f6zl\u00fcl\u00fc\u011f\u00fc a\u015fkla kar\u0131\u015ft\u0131ranlara kar\u015f\u0131 verilen bir haysiyet sava\u015f\u0131na d\u00f6n\u00fc\u015ft\u00fc.<\/p>\n<p>\u0130nsanlar\u0131n g\u00fcl\u00fcp g\u00fclmemeye karar vermek d\u0131\u015f\u0131nda fark etti\u011fi bir k\u0131z de\u011fildim.<\/p>\n<p>On alt\u0131 ya\u015f\u0131ma geldi\u011fimde \u00fc\u00e7 beceri edinmi\u015ftim:<\/p>\n<p>Herkesten yar\u0131m saniye sonra g\u00fclmek.<\/p>\n<p>Ac\u0131nmay\u0131 g\u00f6rmezden gelmek.<\/p>\n<p>Yaln\u0131zl\u0131\u011f\u0131 bir tercihmi\u015f gibi g\u00f6stermek.<\/p>\n<p>Sonra Menek\u015fe, kimya dersinde yan\u0131ma oturdu ve bilerek nazik davranarak t\u00fcm bu d\u00fczenimi bozdu.<\/p>\n<p>O, insanlar\u0131n d\u00f6n\u00fcp bakaca\u011f\u0131 t\u00fcrden bir g\u00fczelli\u011fe sahipti. Bense \u00f6\u011fretmenlerin g\u00f6rmezden geldi\u011fi o k\u0131zd\u0131m.<\/p>\n<p>\u0130nsanlar\u0131n fark etti\u011fi bir k\u0131z asla olmam\u0131\u015ft\u0131m.<\/p>\n<p>Ama Menek\u015fe bana hi\u00e7bir zaman bir &#8220;sosyal sorumluluk projesi&#8221; gibi davranmad\u0131.<\/p>\n<p>&#8220;Ne kadar \u00f6zel oldu\u011funu g\u00f6rm\u00fcyorsun Leyla. Cidden. Beni her zaman g\u00fcld\u00fcr\u00fcyorsun.&#8221;<\/p>\n<p>Lise ve \u00fcniversite boyunca yan\u0131mda kald\u0131. Her y\u0131l; \u00e7ok beceriksiz, \u00e7ok fakir ve \u00e7ok zahmetli oldu\u011fumu fark edip gitmesini bekledim.<\/p>\n<p>Aram\u0131zdaki bir di\u011fer fark ise Menek\u015fe\u2019nin d\u00f6nebilece\u011fi bir evi olmas\u0131yd\u0131.<\/p>\n<p>Benim elimdeki tek \u015fey ise abimden gelen bir mesajd\u0131:<\/p>\n<p>&#8220;Buraya sak\u0131n d\u00f6nme Leyla. Eve gelip de sanki birileri sana bor\u00e7luymu\u015f gibi davranma.&#8221;<\/p>\n<p>Menek\u015fe&#8217;nin d\u00f6necek bir evi vard\u0131.<\/p>\n<p>Bu y\u00fczden ben de onun pe\u015finden \u015fehre gittim.<\/p>\n"},"alt_text":"","media_type":"image","mime_type":"image\/jpeg","media_details":{"width":912,"height":1136,"file":"2026\/04\/gfd.jpg","filesize":349505,"sizes":{"medium":{"file":"gfd-241x300.jpg","width":241,"height":300,"filesize":19185,"mime_type":"image\/jpeg","source_url":"https:\/\/bilgitarif.com\/yeni\/wp-content\/uploads\/2026\/04\/gfd-241x300.jpg"},"large":{"file":"gfd-822x1024.jpg","width":822,"height":1024,"filesize":132507,"mime_type":"image\/jpeg","source_url":"https:\/\/bilgitarif.com\/yeni\/wp-content\/uploads\/2026\/04\/gfd-822x1024.jpg"},"thumbnail":{"file":"gfd-150x150.jpg","width":150,"height":150,"filesize":7716,"mime_type":"image\/jpeg","source_url":"https:\/\/bilgitarif.com\/yeni\/wp-content\/uploads\/2026\/04\/gfd-150x150.jpg"},"medium_large":{"file":"gfd-768x957.jpg","width":768,"height":957,"filesize":118843,"mime_type":"image\/jpeg","source_url":"https:\/\/bilgitarif.com\/yeni\/wp-content\/uploads\/2026\/04\/gfd-768x957.jpg"},"full":{"file":"gfd.jpg","width":912,"height":1136,"mime_type":"image\/jpeg","source_url":"https:\/\/bilgitarif.com\/yeni\/wp-content\/uploads\/2026\/04\/gfd.jpg"}},"image_meta":{"aperture":"0","credit":"","camera":"","caption":"","created_timestamp":"0","copyright":"","focal_length":"0","iso":"0","shutter_speed":"0","title":"","orientation":"0","keywords":[]}},"post":5996,"source_url":"https:\/\/bilgitarif.com\/yeni\/wp-content\/uploads\/2026\/04\/gfd.jpg","_links":{"self":[{"href":"https:\/\/bilgitarif.com\/yeni\/wp-json\/wp\/v2\/media\/5997","targetHints":{"allow":["GET"]}}],"collection":[{"href":"https:\/\/bilgitarif.com\/yeni\/wp-json\/wp\/v2\/media"}],"about":[{"href":"https:\/\/bilgitarif.com\/yeni\/wp-json\/wp\/v2\/types\/attachment"}],"author":[{"embeddable":true,"href":"https:\/\/bilgitarif.com\/yeni\/wp-json\/wp\/v2\/users\/1"}],"replies":[{"embeddable":true,"href":"https:\/\/bilgitarif.com\/yeni\/wp-json\/wp\/v2\/comments?post=5997"}],"wp:attached-to":[{"embeddable":true,"post_type":"post","id":5996,"href":"https:\/\/bilgitarif.com\/yeni\/wp-json\/wp\/v2\/posts\/5996"}],"curies":[{"name":"wp","href":"https:\/\/api.w.org\/{rel}","templated":true}]}}

Miras İçin Yapılan Evlilik

<p>Öz saygımdan ödün vererek güvenli bir geleceği seçtiğimi sanarak, en yakın arkadaşımın zengin dedesiyle evlendim. Düğün gecemizde bana her şeyi değiştiren bir gerçek söyledi; utanç verici bir pazarlık olarak başlayan bu durum; onur, sadakat ve açgözlülüğü aşkla karıştıranlara karşı verilen bir haysiyet savaşına dönüştü.</p>
<p>İnsanların gülüp gülmemeye karar vermek dışında fark ettiği bir kız değildim.</p>
<p>On altı yaşıma geldiğimde üç beceri edinmiştim:</p>
<p>Herkesten yarım saniye sonra gülmek.</p>
<p>Acınmayı görmezden gelmek.</p>
<p>Yalnızlığı bir tercihmiş gibi göstermek.</p>
<p>Sonra Menekşe, kimya dersinde yanıma oturdu ve bilerek nazik davranarak tüm bu düzenimi bozdu.</p>
<p>O, insanların dönüp bakacağı türden bir güzelliğe sahipti. Bense öğretmenlerin görmezden geldiği o kızdım.</p>
<p>İnsanların fark ettiği bir kız asla olmamıştım.</p>
<p>Ama Menekşe bana hiçbir zaman bir &#8220;sosyal sorumluluk projesi&#8221; gibi davranmadı.</p>
<p>&#8220;Ne kadar özel olduğunu görmüyorsun Leyla. Cidden. Beni her zaman güldürüyorsun.&#8221;</p>
<p>Lise ve üniversite boyunca yanımda kaldı. Her yıl; çok beceriksiz, çok fakir ve çok zahmetli olduğumu fark edip gitmesini bekledim.</p>
<p>Aramızdaki bir diğer fark ise Menekşe’nin dönebileceği bir evi olmasıydı.</p>
<p>Benim elimdeki tek şey ise abimden gelen bir mesajdı:</p>
<p>&#8220;Buraya sakın dönme Leyla. Eve gelip de sanki birileri sana borçluymuş gibi davranma.&#8221;</p>
<p>Menekşe&#8217;nin dönecek bir evi vardı.</p>
<p>Bu yüzden ben de onun peşinden şehre gittim.</p>
