{"id":5981,"date":"2026-04-28T19:45:38","date_gmt":"2026-04-28T19:45:38","guid":{"rendered":"https:\/\/bilgitarif.com\/yeni\/wp-content\/uploads\/2026\/04\/yeni-dogan.jpg"},"modified":"2026-04-28T19:45:41","modified_gmt":"2026-04-28T19:45:41","slug":"yeni-dogan","status":"inherit","type":"attachment","link":"https:\/\/bilgitarif.com\/yeni\/yeni-dogan-bebegimi-eve-getirdim-gunler-sonra-esimin-telefonunda-gordugum-mesaj-her-seyi-altust-etti\/yeni-dogan\/","title":{"rendered":"yeni dogan"},"author":1,"featured_media":0,"comment_status":"open","ping_status":"closed","template":"","meta":[],"class_list":["post-5981","attachment","type-attachment","status-inherit","hentry"],"description":{"rendered":"<p class=\"attachment\"><a href='https:\/\/bilgitarif.com\/yeni\/wp-content\/uploads\/2026\/04\/yeni-dogan.jpg'><img loading=\"lazy\" decoding=\"async\" width=\"271\" height=\"300\" src=\"https:\/\/bilgitarif.com\/yeni\/wp-content\/uploads\/2026\/04\/yeni-dogan-271x300.jpg\" class=\"attachment-medium size-medium\" alt=\"\" srcset=\"https:\/\/bilgitarif.com\/yeni\/wp-content\/uploads\/2026\/04\/yeni-dogan-271x300.jpg 271w, https:\/\/bilgitarif.com\/yeni\/wp-content\/uploads\/2026\/04\/yeni-dogan.jpg 745w\" sizes=\"auto, (max-width: 271px) 100vw, 271px\" \/><\/a><\/p>\n"},"caption":{"rendered":"<p>Doktor ba\u015f\u0131n\u0131 sallad\u0131. \u201cHemen.\u201d<\/p>\n<p>Koridor boyunca y\u00fcr\u00fcrken bacaklar\u0131m titriyordu. Kalbim par\u00e7alanm\u0131\u015ft\u0131. Beni yo\u011fun bak\u0131m \u00fcnitesine g\u00f6t\u00fcrd\u00fcler. Cam\u0131n arkas\u0131nda k\u00fc\u00e7\u00fck bir bebek yat\u0131yordu. T\u00fcp ve cihazlarla \u00e7evriliydi. Ama\u2026 kula\u011f\u0131n\u0131n alt\u0131nda k\u00fc\u00e7\u00fck k\u0131rm\u0131z\u0131 bir iz vard\u0131.<\/p>\n<p>Benim bebe\u011fimdi.<\/p>\n<p>Cam\u0131n \u00f6n\u00fcnde \u00e7\u00f6kt\u00fcm. Ellerimi cama koydum. \u201cBuraday\u0131m,\u201d diye f\u0131s\u0131ldad\u0131m. \u201cAnne burada.\u201d<\/p>\n<p>Arkamdan ayak sesleri geldi. Murat\u2019t\u0131. Y\u00fcz\u00fc bembeyazd\u0131. Bana yakla\u015fmaya \u00e7al\u0131\u015ft\u0131. \u201cDinle beni,\u201d dedi.<\/p>\n<p>Arkam\u0131 d\u00f6nd\u00fcm. G\u00f6zlerimdeki \u00f6fke onu durdurdu. \u201cSen ne yapt\u0131\u011f\u0131n\u0131 biliyor musun?\u201d dedim.<\/p>\n<p>\u201cSeni korumaya \u00e7al\u0131\u015ft\u0131m,\u201d dedi.<\/p>\n<p>\u201cHay\u0131r,\u201d dedim. \u201cBeni kand\u0131rd\u0131n.\u201d<\/p>\n<p>Sessizlik oldu.<\/p>\n<p>\u201cBana g\u00fcvenmedin,\u201d diye devam ettim. \u201cBenim \u00e7ocu\u011fum i\u00e7in sava\u015fmama izin vermedin.\u201d<\/p>\n<p>Murat\u2019\u0131n g\u00f6zleri doldu. Ama bu art\u0131k hi\u00e7bir \u015feyi de\u011fi\u015ftirmiyordu.<\/p>\n<p>O g\u00fcn hastanede kald\u0131m. Saatlerce cam\u0131n \u00f6n\u00fcnden ayr\u0131lmad\u0131m. G\u00fcnler ge\u00e7ti. Bebe\u011fim g\u00fc\u00e7lendi. Nihayet onu kuca\u011f\u0131ma alabildi\u011fim g\u00fcn\u2026 hayat\u0131m\u0131n en ger\u00e7ek an\u0131yd\u0131.<\/p>\n<p>Di\u011fer bebek\u2026 yani Murat\u2019\u0131n eski sevgilisinin k\u0131z\u0131\u2026 annesine verildi.<\/p>\n<p>Olanlar ara\u015ft\u0131r\u0131ld\u0131. Hastane y\u00f6netimi devreye girdi. B\u00fcy\u00fck bir skandal patlad\u0131.<\/p>\n<p>Ama benim i\u00e7in mesele skandal de\u011fildi.<\/p>\n<p>Mesele g\u00fcvendi\u011fim insan\u0131n\u2026 beni en b\u00fcy\u00fck korkumla ba\u015f ba\u015fa b\u0131rakmas\u0131yd\u0131.<\/p>\n<p>Bir s\u00fcre sonra Murat\u2019la yollar\u0131m\u0131z\u0131 ay\u0131rd\u0131m.<\/p>\n<p>\u00c7\u00fcnk\u00fc bir anne olarak \u00f6\u011frendi\u011fim en \u00f6nemli \u015fey \u015fuydu:<\/p>\n<p>Ger\u00e7ek, ne kadar ac\u0131 olursa olsun\u2026 yalandan her zaman daha g\u00fcvenlidir.<\/p>\n<p>Ve o k\u00fc\u00e7\u00fck k\u0131rm\u0131z\u0131 iz\u2026<\/p>\n<p>Bana her zaman \u015funu hat\u0131rlatt\u0131:<\/p>\n<p>Bir anne, \u00e7ocu\u011funu her durumda tan\u0131r.<\/p>\n"},"alt_text":"","media_type":"image","mime_type":"image\/jpeg","media_details":{"width":745,"height":826,"file":"2026\/04\/yeni-dogan.jpg","filesize":99440,"sizes":{"medium":{"file":"yeni-dogan-271x300.jpg","width":271,"height":300,"filesize":14194,"mime_type":"image\/jpeg","source_url":"https:\/\/bilgitarif.com\/yeni\/wp-content\/uploads\/2026\/04\/yeni-dogan-271x300.jpg"},"thumbnail":{"file":"yeni-dogan-150x150.jpg","width":150,"height":150,"filesize":5758,"mime_type":"image\/jpeg","source_url":"https:\/\/bilgitarif.com\/yeni\/wp-content\/uploads\/2026\/04\/yeni-dogan-150x150.jpg"},"full":{"file":"yeni-dogan.jpg","width":745,"height":826,"mime_type":"image\/jpeg","source_url":"https:\/\/bilgitarif.com\/yeni\/wp-content\/uploads\/2026\/04\/yeni-dogan.jpg"}},"image_meta":{"aperture":"0","credit":"","camera":"","caption":"","created_timestamp":"0","copyright":"","focal_length":"0","iso":"0","shutter_speed":"0","title":"","orientation":"0","keywords":[]}},"post":5979,"source_url":"https:\/\/bilgitarif.com\/yeni\/wp-content\/uploads\/2026\/04\/yeni-dogan.jpg","_links":{"self":[{"href":"https:\/\/bilgitarif.com\/yeni\/wp-json\/wp\/v2\/media\/5981","targetHints":{"allow":["GET"]}}],"collection":[{"href":"https:\/\/bilgitarif.com\/yeni\/wp-json\/wp\/v2\/media"}],"about":[{"href":"https:\/\/bilgitarif.com\/yeni\/wp-json\/wp\/v2\/types\/attachment"}],"author":[{"embeddable":true,"href":"https:\/\/bilgitarif.com\/yeni\/wp-json\/wp\/v2\/users\/1"}],"replies":[{"embeddable":true,"href":"https:\/\/bilgitarif.com\/yeni\/wp-json\/wp\/v2\/comments?post=5981"}],"wp:attached-to":[{"embeddable":true,"post_type":"post","id":5979,"href":"https:\/\/bilgitarif.com\/yeni\/wp-json\/wp\/v2\/posts\/5979"}],"curies":[{"name":"wp","href":"https:\/\/api.w.org\/{rel}","templated":true}]}}

<p>Doktor başını salladı. “Hemen.”</p>
<p>Koridor boyunca yürürken bacaklarım titriyordu. Kalbim parçalanmıştı. Beni yoğun bakım ünitesine götürdüler. Camın arkasında küçük bir bebek yatıyordu. Tüp ve cihazlarla çevriliydi. Ama… kulağının altında küçük kırmızı bir iz vardı.</p>
<p>Benim bebeğimdi.</p>
<p>Camın önünde çöktüm. Ellerimi cama koydum. “Buradayım,” diye fısıldadım. “Anne burada.”</p>
<p>Arkamdan ayak sesleri geldi. Murat’tı. Yüzü bembeyazdı. Bana yaklaşmaya çalıştı. “Dinle beni,” dedi.</p>
<p>Arkamı döndüm. Gözlerimdeki öfke onu durdurdu. “Sen ne yaptığını biliyor musun?” dedim.</p>
<p>“Seni korumaya çalıştım,” dedi.</p>
<p>“Hayır,” dedim. “Beni kandırdın.”</p>
<p>Sessizlik oldu.</p>
<p>“Bana güvenmedin,” diye devam ettim. “Benim çocuğum için savaşmama izin vermedin.”</p>
<p>Murat’ın gözleri doldu. Ama bu artık hiçbir şeyi değiştirmiyordu.</p>
<p>O gün hastanede kaldım. Saatlerce camın önünden ayrılmadım. Günler geçti. Bebeğim güçlendi. Nihayet onu kucağıma alabildiğim gün… hayatımın en gerçek anıydı.</p>
<p>Diğer bebek… yani Murat’ın eski sevgilisinin kızı… annesine verildi.</p>
<p>Olanlar araştırıldı. Hastane yönetimi devreye girdi. Büyük bir skandal patladı.</p>
<p>Ama benim için mesele skandal değildi.</p>
<p>Mesele güvendiğim insanın… beni en büyük korkumla baş başa bırakmasıydı.</p>
<p>Bir süre sonra Murat’la yollarımızı ayırdım.</p>
<p>Çünkü bir anne olarak öğrendiğim en önemli şey şuydu:</p>
<p>Gerçek, ne kadar acı olursa olsun… yalandan her zaman daha güvenlidir.</p>
<p>Ve o küçük kırmızı iz…</p>
<p>Bana her zaman şunu hatırlattı:</p>
<p>Bir anne, çocuğunu her durumda tanır.</p>
