{"id":5399,"date":"2026-04-15T23:27:32","date_gmt":"2026-04-15T23:27:32","guid":{"rendered":"https:\/\/bilgitarif.com\/yeni\/wp-content\/uploads\/2026\/04\/tt-7.jpg"},"modified":"2026-04-15T23:28:16","modified_gmt":"2026-04-15T23:28:16","slug":"tt-42","status":"inherit","type":"attachment","link":"https:\/\/bilgitarif.com\/yeni\/dunya-bu-haberi-konusuyor-cumhurbaskani-felc-gecirdi\/tt-42\/","title":{"rendered":"D\u00fcnya bu haberi konu\u015fuyor! Cumhurba\u015fkan\u0131 fel\u00e7 ge\u00e7irdi"},"author":1,"featured_media":0,"comment_status":"open","ping_status":"closed","template":"","meta":[],"class_list":["post-5399","attachment","type-attachment","status-inherit","hentry"],"description":{"rendered":"<p class=\"attachment\"><a href='https:\/\/bilgitarif.com\/yeni\/wp-content\/uploads\/2026\/04\/tt-7.jpg'><img loading=\"lazy\" decoding=\"async\" width=\"300\" height=\"180\" src=\"https:\/\/bilgitarif.com\/yeni\/wp-content\/uploads\/2026\/04\/tt-7-300x180.jpg\" class=\"attachment-medium size-medium\" alt=\"\" srcset=\"https:\/\/bilgitarif.com\/yeni\/wp-content\/uploads\/2026\/04\/tt-7-300x180.jpg 300w, https:\/\/bilgitarif.com\/yeni\/wp-content\/uploads\/2026\/04\/tt-7-1024x615.jpg 1024w, https:\/\/bilgitarif.com\/yeni\/wp-content\/uploads\/2026\/04\/tt-7-768x461.jpg 768w, https:\/\/bilgitarif.com\/yeni\/wp-content\/uploads\/2026\/04\/tt-7-1536x922.jpg 1536w, https:\/\/bilgitarif.com\/yeni\/wp-content\/uploads\/2026\/04\/tt-7.jpg 1633w\" sizes=\"auto, (max-width: 300px) 100vw, 300px\" \/><\/a><\/p>\n"},"caption":{"rendered":"<p>D\u00fcnya siyasetinde dikkat \u00e7eken bir geli\u015fme, g\u00fcnler sonra ortaya \u00e7\u0131kt\u0131. Ge\u00e7ti\u011fimiz hafta 83 ya\u015f\u0131na giren bir \u00fclkenin cumhurba\u015fkan\u0131n\u0131n, yakla\u015f\u0131k bir haftad\u0131r hastanede tedavi g\u00f6rd\u00fc\u011f\u00fc bilgisi kamuoyuna yans\u0131d\u0131. Uzun s\u00fcre resmi a\u00e7\u0131klama yap\u0131lmamas\u0131 ise kulislerde farkl\u0131 iddialar\u0131n dola\u015fmas\u0131na neden oldu.<\/p>\n<p>\u0130lk etapta sa\u011fl\u0131k durumuna ili\u015fkin net bir bilgi payla\u015f\u0131lmamas\u0131, \u201ckritik bir rahats\u0131zl\u0131k m\u0131 ge\u00e7irdi?\u201d sorular\u0131n\u0131 beraberinde getirdi. \u00d6zellikle liderin kamuoyundan uzak kalmas\u0131 ve programlar\u0131n\u0131 iptal etmesi, dikkatleri bu geli\u015fmeye \u00e7evirdi.<\/p>\n"},"alt_text":"","media_type":"image","mime_type":"image\/jpeg","media_details":{"width":1633,"height":980,"file":"2026\/04\/tt-7.jpg","filesize":41311,"sizes":{"medium":{"file":"tt-7-300x180.jpg","width":300,"height":180,"filesize":5404,"mime_type":"image\/jpeg","source_url":"https:\/\/bilgitarif.com\/yeni\/wp-content\/uploads\/2026\/04\/tt-7-300x180.jpg"},"large":{"file":"tt-7-1024x615.jpg","width":1024,"height":615,"filesize":28614,"mime_type":"image\/jpeg","source_url":"https:\/\/bilgitarif.com\/yeni\/wp-content\/uploads\/2026\/04\/tt-7-1024x615.jpg"},"thumbnail":{"file":"tt-7-150x150.jpg","width":150,"height":150,"filesize":4013,"mime_type":"image\/jpeg","source_url":"https:\/\/bilgitarif.com\/yeni\/wp-content\/uploads\/2026\/04\/tt-7-150x150.jpg"},"medium_large":{"file":"tt-7-768x461.jpg","width":768,"height":461,"filesize":19391,"mime_type":"image\/jpeg","source_url":"https:\/\/bilgitarif.com\/yeni\/wp-content\/uploads\/2026\/04\/tt-7-768x461.jpg"},"1536x1536":{"file":"tt-7-1536x922.jpg","width":1536,"height":922,"filesize":48866,"mime_type":"image\/jpeg","source_url":"https:\/\/bilgitarif.com\/yeni\/wp-content\/uploads\/2026\/04\/tt-7-1536x922.jpg"},"full":{"file":"tt-7.jpg","width":1633,"height":980,"mime_type":"image\/jpeg","source_url":"https:\/\/bilgitarif.com\/yeni\/wp-content\/uploads\/2026\/04\/tt-7.jpg"}},"image_meta":{"aperture":"0","credit":"","camera":"","caption":"","created_timestamp":"0","copyright":"","focal_length":"0","iso":"0","shutter_speed":"0","title":"","orientation":"0","keywords":[]}},"post":5398,"source_url":"https:\/\/bilgitarif.com\/yeni\/wp-content\/uploads\/2026\/04\/tt-7.jpg","_links":{"self":[{"href":"https:\/\/bilgitarif.com\/yeni\/wp-json\/wp\/v2\/media\/5399","targetHints":{"allow":["GET"]}}],"collection":[{"href":"https:\/\/bilgitarif.com\/yeni\/wp-json\/wp\/v2\/media"}],"about":[{"href":"https:\/\/bilgitarif.com\/yeni\/wp-json\/wp\/v2\/types\/attachment"}],"author":[{"embeddable":true,"href":"https:\/\/bilgitarif.com\/yeni\/wp-json\/wp\/v2\/users\/1"}],"replies":[{"embeddable":true,"href":"https:\/\/bilgitarif.com\/yeni\/wp-json\/wp\/v2\/comments?post=5399"}],"wp:attached-to":[{"embeddable":true,"post_type":"post","id":5398,"href":"https:\/\/bilgitarif.com\/yeni\/wp-json\/wp\/v2\/posts\/5398"}],"curies":[{"name":"wp","href":"https:\/\/api.w.org\/{rel}","templated":true}]}}

Dünya bu haberi konuşuyor! Cumhurbaşkanı felç geçirdi

<p>Dünya siyasetinde dikkat çeken bir gelişme, günler sonra ortaya çıktı. Geçtiğimiz hafta 83 yaşına giren bir ülkenin cumhurbaşkanının, yaklaşık bir haftadır hastanede tedavi gördüğü bilgisi kamuoyuna yansıdı. Uzun süre resmi açıklama yapılmaması ise kulislerde farklı iddiaların dolaşmasına neden oldu.</p>
<p>İlk etapta sağlık durumuna ilişkin net bir bilgi paylaşılmaması, “kritik bir rahatsızlık mı geçirdi?” sorularını beraberinde getirdi. Özellikle liderin kamuoyundan uzak kalması ve programlarını iptal etmesi, dikkatleri bu gelişmeye çevirdi.</p>
