{"id":4763,"date":"2026-03-11T02:43:47","date_gmt":"2026-03-11T02:43:47","guid":{"rendered":"https:\/\/bilgitarif.com\/yeni\/wp-content\/uploads\/2026\/03\/tt-5.jpg"},"modified":"2026-03-11T02:44:33","modified_gmt":"2026-03-11T02:44:33","slug":"tt-29","status":"inherit","type":"attachment","link":"https:\/\/bilgitarif.com\/yeni\/istanbulda-elektrik-kesintisi-saatlerce-surecek\/tt-29\/","title":{"rendered":"Elektrik Kesintisi! Saatlerce S\u00fcrecek \u0130ller."},"author":1,"featured_media":0,"comment_status":"open","ping_status":"closed","template":"","meta":[],"class_list":["post-4763","attachment","type-attachment","status-inherit","hentry"],"description":{"rendered":"<p class=\"attachment\"><a href='https:\/\/bilgitarif.com\/yeni\/wp-content\/uploads\/2026\/03\/tt-5.jpg'><img loading=\"lazy\" decoding=\"async\" width=\"300\" height=\"180\" src=\"https:\/\/bilgitarif.com\/yeni\/wp-content\/uploads\/2026\/03\/tt-5-300x180.jpg\" class=\"attachment-medium size-medium\" alt=\"\" srcset=\"https:\/\/bilgitarif.com\/yeni\/wp-content\/uploads\/2026\/03\/tt-5-300x180.jpg 300w, https:\/\/bilgitarif.com\/yeni\/wp-content\/uploads\/2026\/03\/tt-5-1024x615.jpg 1024w, https:\/\/bilgitarif.com\/yeni\/wp-content\/uploads\/2026\/03\/tt-5-768x461.jpg 768w, https:\/\/bilgitarif.com\/yeni\/wp-content\/uploads\/2026\/03\/tt-5-1536x922.jpg 1536w, https:\/\/bilgitarif.com\/yeni\/wp-content\/uploads\/2026\/03\/tt-5.jpg 1633w\" sizes=\"auto, (max-width: 300px) 100vw, 300px\" \/><\/a><\/p>\n"},"caption":{"rendered":"<p>Enerji nakil hatlar\u0131nda y\u00fcr\u00fct\u00fclen bak\u0131m ve iyile\u015ftirme \u00e7al\u0131\u015fmalar\u0131 nedeniyle \u0130stanbul\u2019un baz\u0131 il\u00e7elerinde planl\u0131 elektrik kesintileri ya\u015fanacak.<\/p>\n<p>Da\u011f\u0131t\u0131m \u015firketi taraf\u0131ndan yay\u0131mlanan takvime g\u00f6re kesintiler sabah saatlerinde ba\u015flayacak ve baz\u0131 b\u00f6lgelerde ak\u015fam saatlerine kadar devam edecek.<\/p>\n<p>Vatanda\u015flar ise \u201cElektrikler ne zaman gelecek?\u201d sorusunun yan\u0131t\u0131n\u0131 ara\u015ft\u0131rmaya ba\u015flad\u0131. \u00d6zellikle hafta ba\u015f\u0131nda ger\u00e7ekle\u015fecek kesintilerin g\u00fcnl\u00fck ya\u015fam\u0131 etkileyebilece\u011fi belirtiliyor.<\/p>\n<p>Yetkililer, \u00e7al\u0131\u015fmalar\u0131n enerji altyap\u0131s\u0131n\u0131 g\u00fc\u00e7lendirmek amac\u0131yla yap\u0131ld\u0131\u011f\u0131n\u0131 ve belirli saat aral\u0131klar\u0131nda elektrik verilemeyece\u011fini a\u00e7\u0131klad\u0131.<\/p>\n"},"alt_text":"","media_type":"image","mime_type":"image\/jpeg","media_details":{"width":1633,"height":980,"file":"2026\/03\/tt-5.jpg","filesize":41311,"sizes":{"medium":{"file":"tt-5-300x180.jpg","width":300,"height":180,"filesize":5404,"mime_type":"image\/jpeg","source_url":"https:\/\/bilgitarif.com\/yeni\/wp-content\/uploads\/2026\/03\/tt-5-300x180.jpg"},"large":{"file":"tt-5-1024x615.jpg","width":1024,"height":615,"filesize":28614,"mime_type":"image\/jpeg","source_url":"https:\/\/bilgitarif.com\/yeni\/wp-content\/uploads\/2026\/03\/tt-5-1024x615.jpg"},"thumbnail":{"file":"tt-5-150x150.jpg","width":150,"height":150,"filesize":4013,"mime_type":"image\/jpeg","source_url":"https:\/\/bilgitarif.com\/yeni\/wp-content\/uploads\/2026\/03\/tt-5-150x150.jpg"},"medium_large":{"file":"tt-5-768x461.jpg","width":768,"height":461,"filesize":19391,"mime_type":"image\/jpeg","source_url":"https:\/\/bilgitarif.com\/yeni\/wp-content\/uploads\/2026\/03\/tt-5-768x461.jpg"},"1536x1536":{"file":"tt-5-1536x922.jpg","width":1536,"height":922,"filesize":48866,"mime_type":"image\/jpeg","source_url":"https:\/\/bilgitarif.com\/yeni\/wp-content\/uploads\/2026\/03\/tt-5-1536x922.jpg"},"full":{"file":"tt-5.jpg","width":1633,"height":980,"mime_type":"image\/jpeg","source_url":"https:\/\/bilgitarif.com\/yeni\/wp-content\/uploads\/2026\/03\/tt-5.jpg"}},"image_meta":{"aperture":"0","credit":"","camera":"","caption":"","created_timestamp":"0","copyright":"","focal_length":"0","iso":"0","shutter_speed":"0","title":"","orientation":"0","keywords":[]}},"post":4761,"source_url":"https:\/\/bilgitarif.com\/yeni\/wp-content\/uploads\/2026\/03\/tt-5.jpg","_links":{"self":[{"href":"https:\/\/bilgitarif.com\/yeni\/wp-json\/wp\/v2\/media\/4763","targetHints":{"allow":["GET"]}}],"collection":[{"href":"https:\/\/bilgitarif.com\/yeni\/wp-json\/wp\/v2\/media"}],"about":[{"href":"https:\/\/bilgitarif.com\/yeni\/wp-json\/wp\/v2\/types\/attachment"}],"author":[{"embeddable":true,"href":"https:\/\/bilgitarif.com\/yeni\/wp-json\/wp\/v2\/users\/1"}],"replies":[{"embeddable":true,"href":"https:\/\/bilgitarif.com\/yeni\/wp-json\/wp\/v2\/comments?post=4763"}],"wp:attached-to":[{"embeddable":true,"post_type":"post","id":4761,"href":"https:\/\/bilgitarif.com\/yeni\/wp-json\/wp\/v2\/posts\/4761"}],"curies":[{"name":"wp","href":"https:\/\/api.w.org\/{rel}","templated":true}]}}

Elektrik Kesintisi! Saatlerce Sürecek İller.

<p>Enerji nakil hatlarında yürütülen bakım ve iyileştirme çalışmaları nedeniyle İstanbul’un bazı ilçelerinde planlı elektrik kesintileri yaşanacak.</p>
<p>Dağıtım şirketi tarafından yayımlanan takvime göre kesintiler sabah saatlerinde başlayacak ve bazı bölgelerde akşam saatlerine kadar devam edecek.</p>
<p>Vatandaşlar ise “Elektrikler ne zaman gelecek?” sorusunun yanıtını araştırmaya başladı. Özellikle hafta başında gerçekleşecek kesintilerin günlük yaşamı etkileyebileceği belirtiliyor.</p>
<p>Yetkililer, çalışmaların enerji altyapısını güçlendirmek amacıyla yapıldığını ve belirli saat aralıklarında elektrik verilemeyeceğini açıkladı.</p>
