{"id":4587,"date":"2026-03-05T21:36:59","date_gmt":"2026-03-05T21:36:59","guid":{"rendered":"https:\/\/bilgitarif.com\/yeni\/wp-content\/uploads\/2026\/03\/vcv.avif"},"modified":"2026-03-05T21:37:07","modified_gmt":"2026-03-05T21:37:07","slug":"vcv-3","status":"inherit","type":"attachment","link":"https:\/\/bilgitarif.com\/yeni\/abbden-melih-gokcek-hakkinda-suc-duyurusu-hazirligi\/vcv-3\/","title":{"rendered":"vcv"},"author":1,"featured_media":0,"comment_status":"open","ping_status":"closed","template":"","meta":[],"class_list":["post-4587","attachment","type-attachment","status-inherit","hentry"],"description":{"rendered":"<p class=\"attachment\"><a href='https:\/\/bilgitarif.com\/yeni\/wp-content\/uploads\/2026\/03\/vcv.avif'><img loading=\"lazy\" decoding=\"async\" width=\"300\" height=\"180\" src=\"https:\/\/bilgitarif.com\/yeni\/wp-content\/uploads\/2026\/03\/vcv.avif\" class=\"attachment-medium size-medium\" alt=\"\" \/><\/a><\/p>\n"},"caption":{"rendered":"<p>ABB: \u201cYan\u0131lt\u0131c\u0131 Payla\u015f\u0131mlar Panik Olu\u015fturuyor\u201d<\/p>\n<p>Ankara B\u00fcy\u00fck\u015fehir Belediyesi taraf\u0131ndan yap\u0131lan a\u00e7\u0131klamada, sosyal medyada payla\u015f\u0131lan baz\u0131 foto\u011fraflar\u0131n eski tarihlere ait oldu\u011fu ve g\u00fcncel bir olay gibi sunuldu\u011fu iddia edildi.<\/p>\n<p>Belediye, \u00f6zellikle Ankara\u2019daki su altyap\u0131s\u0131yla ilgili yap\u0131lan payla\u015f\u0131mlar\u0131n vatanda\u015flar aras\u0131nda yanl\u0131\u015f bilgi yay\u0131lmas\u0131na neden olabilece\u011fini belirtti.<\/p>\n<p>A\u00e7\u0131klamada, kentte ya\u015fanan bir ar\u0131zan\u0131n ekipler taraf\u0131ndan k\u0131sa s\u00fcrede giderildi\u011fi ve \u015fu anda \u015fehir genelinde herhangi bir su kesintisi bulunmad\u0131\u011f\u0131 ifade edildi.<\/p>\n<p>ASK\u0130 Ekiplerinin \u00c7al\u0131\u015fmalar\u0131 Vurguland\u0131<\/p>\n<p>Belediye yetkilileri, altyap\u0131 sorununa m\u00fcdahale eden ASK\u0130 ekiplerinin k\u0131sa s\u00fcrede gerekli onar\u0131m\u0131 yapt\u0131\u011f\u0131n\u0131 belirtti.<\/p>\n<p>Yap\u0131lan a\u00e7\u0131klamada \u015fu ifadelere yer verildi:<\/p>\n<p>\u201cKamuoyunu yan\u0131ltan payla\u015f\u0131mlar, hem vatanda\u015flar\u0131m\u0131z\u0131n do\u011fru bilgiye ula\u015fmas\u0131n\u0131 zorla\u015ft\u0131rmakta hem de sahada \u00f6zveriyle \u00e7al\u0131\u015fan ekiplerimizin eme\u011fini hedef almaktad\u0131r.\u201d<\/p>\n<p>Hukuki S\u00fcre\u00e7 Ba\u015flat\u0131labilir<\/p>\n<p>ABB Hukuk M\u00fc\u015favirli\u011fi taraf\u0131ndan haz\u0131rlanan dosyan\u0131n savc\u0131l\u0131\u011fa sunulabilece\u011fi belirtilirken, s\u00fcrecin dezenformasyonla m\u00fccadele kapsam\u0131nda de\u011ferlendirildi\u011fi ifade edildi.<\/p>\n<p>Uzmanlara g\u00f6re \u00f6zellikle sosyal medya \u00fczerinden yay\u0131lan yanl\u0131\u015f bilgilerin kamu d\u00fczeni \u00fczerinde etkili olabilece\u011fi ve bu t\u00fcr durumlarda hukuki s\u00fcre\u00e7lerin devreye girebilece\u011fi belirtiliyor.<\/p>\n<p>G\u00fcncel G\u00f6rseller Payla\u015f\u0131ld\u0131<\/p>\n<p>Belediye ayr\u0131ca s\u00f6z konusu altyap\u0131 hatt\u0131n\u0131n son durumuna ili\u015fkin g\u00fcncel g\u00f6r\u00fcnt\u00fcleri de payla\u015ft\u0131. Payla\u015f\u0131lan g\u00f6rsellerde hatt\u0131n \u00e7al\u0131\u015f\u0131r durumda oldu\u011fu ve sorunun giderildi\u011fi g\u00f6r\u00fcl\u00fcyor.<\/p>\n<p>Yetkililer, vatanda\u015flar\u0131n resmi kurumlar\u0131n a\u00e7\u0131klamalar\u0131n\u0131 takip etmeleri gerekti\u011fini belirterek yanl\u0131\u015f bilgilere kar\u015f\u0131 dikkatli olunmas\u0131 \u00e7a\u011fr\u0131s\u0131nda bulundu.<\/p>\n"},"alt_text":"","media_type":"image","mime_type":"image\/avif","media_details":{"width":465,"height":279,"file":"2026\/03\/vcv.avif","filesize":10823,"sizes":{},"image_meta":{"aperture":"0","credit":"","camera":"","caption":"","created_timestamp":"0","copyright":"","focal_length":"0","iso":"0","shutter_speed":"0","title":"","orientation":"0","keywords":[]}},"post":4585,"source_url":"https:\/\/bilgitarif.com\/yeni\/wp-content\/uploads\/2026\/03\/vcv.avif","_links":{"self":[{"href":"https:\/\/bilgitarif.com\/yeni\/wp-json\/wp\/v2\/media\/4587","targetHints":{"allow":["GET"]}}],"collection":[{"href":"https:\/\/bilgitarif.com\/yeni\/wp-json\/wp\/v2\/media"}],"about":[{"href":"https:\/\/bilgitarif.com\/yeni\/wp-json\/wp\/v2\/types\/attachment"}],"author":[{"embeddable":true,"href":"https:\/\/bilgitarif.com\/yeni\/wp-json\/wp\/v2\/users\/1"}],"replies":[{"embeddable":true,"href":"https:\/\/bilgitarif.com\/yeni\/wp-json\/wp\/v2\/comments?post=4587"}],"wp:attached-to":[{"embeddable":true,"post_type":"post","id":4585,"href":"https:\/\/bilgitarif.com\/yeni\/wp-json\/wp\/v2\/posts\/4585"}],"curies":[{"name":"wp","href":"https:\/\/api.w.org\/{rel}","templated":true}]}}

<p>ABB: “Yanıltıcı Paylaşımlar Panik Oluşturuyor”</p>
<p>Ankara Büyükşehir Belediyesi tarafından yapılan açıklamada, sosyal medyada paylaşılan bazı fotoğrafların eski tarihlere ait olduğu ve güncel bir olay gibi sunulduğu iddia edildi.</p>
<p>Belediye, özellikle Ankara’daki su altyapısıyla ilgili yapılan paylaşımların vatandaşlar arasında yanlış bilgi yayılmasına neden olabileceğini belirtti.</p>
<p>Açıklamada, kentte yaşanan bir arızanın ekipler tarafından kısa sürede giderildiği ve şu anda şehir genelinde herhangi bir su kesintisi bulunmadığı ifade edildi.</p>
<p>ASKİ Ekiplerinin Çalışmaları Vurgulandı</p>
<p>Belediye yetkilileri, altyapı sorununa müdahale eden ASKİ ekiplerinin kısa sürede gerekli onarımı yaptığını belirtti.</p>
<p>Yapılan açıklamada şu ifadelere yer verildi:</p>
<p>“Kamuoyunu yanıltan paylaşımlar, hem vatandaşlarımızın doğru bilgiye ulaşmasını zorlaştırmakta hem de sahada özveriyle çalışan ekiplerimizin emeğini hedef almaktadır.”</p>
<p>Hukuki Süreç Başlatılabilir</p>
<p>ABB Hukuk Müşavirliği tarafından hazırlanan dosyanın savcılığa sunulabileceği belirtilirken, sürecin dezenformasyonla mücadele kapsamında değerlendirildiği ifade edildi.</p>
<p>Uzmanlara göre özellikle sosyal medya üzerinden yayılan yanlış bilgilerin kamu düzeni üzerinde etkili olabileceği ve bu tür durumlarda hukuki süreçlerin devreye girebileceği belirtiliyor.</p>
<p>Güncel Görseller Paylaşıldı</p>
<p>Belediye ayrıca söz konusu altyapı hattının son durumuna ilişkin güncel görüntüleri de paylaştı. Paylaşılan görsellerde hattın çalışır durumda olduğu ve sorunun giderildiği görülüyor.</p>
<p>Yetkililer, vatandaşların resmi kurumların açıklamalarını takip etmeleri gerektiğini belirterek yanlış bilgilere karşı dikkatli olunması çağrısında bulundu.</p>
