{"id":4586,"date":"2026-03-05T21:36:44","date_gmt":"2026-03-05T21:36:44","guid":{"rendered":"https:\/\/bilgitarif.com\/yeni\/wp-content\/uploads\/2026\/03\/blg-3.jpg"},"modified":"2026-03-05T21:37:01","modified_gmt":"2026-03-05T21:37:01","slug":"blg-34","status":"inherit","type":"attachment","link":"https:\/\/bilgitarif.com\/yeni\/abbden-melih-gokcek-hakkinda-suc-duyurusu-hazirligi\/blg-34\/","title":{"rendered":"ABB\u2019den Melih G\u00f6k\u00e7ek Hakk\u0131nda Su\u00e7 Duyurusu Haz\u0131rl\u0131\u011f\u0131"},"author":1,"featured_media":0,"comment_status":"open","ping_status":"closed","template":"","meta":[],"class_list":["post-4586","attachment","type-attachment","status-inherit","hentry"],"description":{"rendered":"<p class=\"attachment\"><a href='https:\/\/bilgitarif.com\/yeni\/wp-content\/uploads\/2026\/03\/blg-3.jpg'><img loading=\"lazy\" decoding=\"async\" width=\"300\" height=\"157\" src=\"https:\/\/bilgitarif.com\/yeni\/wp-content\/uploads\/2026\/03\/blg-3-300x157.jpg\" class=\"attachment-medium size-medium\" alt=\"\" srcset=\"https:\/\/bilgitarif.com\/yeni\/wp-content\/uploads\/2026\/03\/blg-3-300x157.jpg 300w, https:\/\/bilgitarif.com\/yeni\/wp-content\/uploads\/2026\/03\/blg-3-768x402.jpg 768w, https:\/\/bilgitarif.com\/yeni\/wp-content\/uploads\/2026\/03\/blg-3.jpg 1024w\" sizes=\"auto, (max-width: 300px) 100vw, 300px\" \/><\/a><\/p>\n"},"caption":{"rendered":"<p>Ankara B\u00fcy\u00fck\u015fehir Belediyesi ile eski ba\u015fkan Melih G\u00f6k\u00e7ek aras\u0131nda yeni bir tart\u0131\u015fma g\u00fcndeme geldi.<\/p>\n<p>Belediyeden yap\u0131lan a\u00e7\u0131klamada, sosyal medyada payla\u015f\u0131lan baz\u0131 g\u00f6rsellerin g\u00fcncelmi\u015f gibi servis edildi\u011fi ve bu durumun vatanda\u015flarda panik olu\u015fturabilece\u011fi ifade edildi.<\/p>\n<p>A\u00e7\u0131klamaya g\u00f6re s\u00f6z konusu payla\u015f\u0131mlar\u0131n ger\u00e7e\u011fi yans\u0131tmad\u0131\u011f\u0131 ve altyap\u0131 \u00e7al\u0131\u015fmalar\u0131yla ilgili yanl\u0131\u015f alg\u0131 olu\u015fturdu\u011fu \u00f6ne s\u00fcr\u00fcl\u00fcyor.<\/p>\n<p>Belediye yetkilileri konuyla ilgili hukuki s\u00fcre\u00e7 ba\u015flatmaya haz\u0131rland\u0131klar\u0131n\u0131 duyurdu.<\/p>\n"},"alt_text":"","media_type":"image","mime_type":"image\/jpeg","media_details":{"width":1024,"height":536,"file":"2026\/03\/blg-3.jpg","filesize":30371,"sizes":{"medium":{"file":"blg-3-300x157.jpg","width":300,"height":157,"filesize":5012,"mime_type":"image\/jpeg","source_url":"https:\/\/bilgitarif.com\/yeni\/wp-content\/uploads\/2026\/03\/blg-3-300x157.jpg"},"thumbnail":{"file":"blg-3-150x150.jpg","width":150,"height":150,"filesize":4026,"mime_type":"image\/jpeg","source_url":"https:\/\/bilgitarif.com\/yeni\/wp-content\/uploads\/2026\/03\/blg-3-150x150.jpg"},"medium_large":{"file":"blg-3-768x402.jpg","width":768,"height":402,"filesize":19663,"mime_type":"image\/jpeg","source_url":"https:\/\/bilgitarif.com\/yeni\/wp-content\/uploads\/2026\/03\/blg-3-768x402.jpg"},"full":{"file":"blg-3.jpg","width":1024,"height":536,"mime_type":"image\/jpeg","source_url":"https:\/\/bilgitarif.com\/yeni\/wp-content\/uploads\/2026\/03\/blg-3.jpg"}},"image_meta":{"aperture":"0","credit":"","camera":"","caption":"","created_timestamp":"0","copyright":"","focal_length":"0","iso":"0","shutter_speed":"0","title":"","orientation":"0","keywords":[]}},"post":4585,"source_url":"https:\/\/bilgitarif.com\/yeni\/wp-content\/uploads\/2026\/03\/blg-3.jpg","_links":{"self":[{"href":"https:\/\/bilgitarif.com\/yeni\/wp-json\/wp\/v2\/media\/4586","targetHints":{"allow":["GET"]}}],"collection":[{"href":"https:\/\/bilgitarif.com\/yeni\/wp-json\/wp\/v2\/media"}],"about":[{"href":"https:\/\/bilgitarif.com\/yeni\/wp-json\/wp\/v2\/types\/attachment"}],"author":[{"embeddable":true,"href":"https:\/\/bilgitarif.com\/yeni\/wp-json\/wp\/v2\/users\/1"}],"replies":[{"embeddable":true,"href":"https:\/\/bilgitarif.com\/yeni\/wp-json\/wp\/v2\/comments?post=4586"}],"wp:attached-to":[{"embeddable":true,"post_type":"post","id":4585,"href":"https:\/\/bilgitarif.com\/yeni\/wp-json\/wp\/v2\/posts\/4585"}],"curies":[{"name":"wp","href":"https:\/\/api.w.org\/{rel}","templated":true}]}}

ABB’den Melih Gökçek Hakkında Suç Duyurusu Hazırlığı

<p>Ankara Büyükşehir Belediyesi ile eski başkan Melih Gökçek arasında yeni bir tartışma gündeme geldi.</p>
<p>Belediyeden yapılan açıklamada, sosyal medyada paylaşılan bazı görsellerin güncelmiş gibi servis edildiği ve bu durumun vatandaşlarda panik oluşturabileceği ifade edildi.</p>
<p>Açıklamaya göre söz konusu paylaşımların gerçeği yansıtmadığı ve altyapı çalışmalarıyla ilgili yanlış algı oluşturduğu öne sürülüyor.</p>
<p>Belediye yetkilileri konuyla ilgili hukuki süreç başlatmaya hazırlandıklarını duyurdu.</p>
