{"id":4558,"date":"2026-03-05T21:11:13","date_gmt":"2026-03-05T21:11:13","guid":{"rendered":"https:\/\/bilgitarif.com\/yeni\/wp-content\/uploads\/2026\/03\/dv-4.png"},"modified":"2026-03-05T21:11:24","modified_gmt":"2026-03-05T21:11:24","slug":"dv-30","status":"inherit","type":"attachment","link":"https:\/\/bilgitarif.com\/yeni\/yanindaki-kisi-kim-cikti\/dv-30\/","title":{"rendered":"Yan\u0131ndaki Ki\u015fi Kim \u00c7\u0131kt\u0131."},"author":1,"featured_media":0,"comment_status":"open","ping_status":"closed","template":"","meta":[],"class_list":["post-4558","attachment","type-attachment","status-inherit","hentry"],"description":{"rendered":"<p class=\"attachment\"><a href='https:\/\/bilgitarif.com\/yeni\/wp-content\/uploads\/2026\/03\/dv-4.png'><img loading=\"lazy\" decoding=\"async\" width=\"300\" height=\"103\" src=\"https:\/\/bilgitarif.com\/yeni\/wp-content\/uploads\/2026\/03\/dv-4-300x103.png\" class=\"attachment-medium size-medium\" alt=\"\" srcset=\"https:\/\/bilgitarif.com\/yeni\/wp-content\/uploads\/2026\/03\/dv-4-300x103.png 300w, https:\/\/bilgitarif.com\/yeni\/wp-content\/uploads\/2026\/03\/dv-4.png 756w\" sizes=\"auto, (max-width: 300px) 100vw, 300px\" \/><\/a><\/p>\n"},"caption":{"rendered":"<p>Y\u0131llar \u00f6ncesine ait oldu\u011fu belirtilen foto\u011frafta, T\u00fcrkiye siyasetinin en \u00f6nemli isimlerinden biri dikkat \u00e7ekerken, as\u0131l merak uyand\u0131ran detay ise hemen solunda duran gen\u00e7 isim oldu. O d\u00f6nem hen\u00fcz kimsenin tan\u0131mad\u0131\u011f\u0131 bu \u201cb\u0131\u00e7k\u0131n delikanl\u0131\u201d, bug\u00fcn kamuoyunun yak\u0131ndan bildi\u011fi bir fig\u00fcr m\u00fc? Foto\u011fraf\u0131n ortaya \u00e7\u0131kmas\u0131yla birlikte kulislerde ve sosyal medyada tahminler pe\u015f pe\u015fe gelmeye ba\u015flad\u0131. Peki Cumhurba\u015fkan\u0131\u2019n\u0131n solundaki o gen\u00e7 kim?.<\/p>\n"},"alt_text":"","media_type":"image","mime_type":"image\/png","media_details":{"width":756,"height":260,"file":"2026\/03\/dv-4.png","filesize":105691,"sizes":{"medium":{"file":"dv-4-300x103.png","width":300,"height":103,"filesize":19952,"mime_type":"image\/png","source_url":"https:\/\/bilgitarif.com\/yeni\/wp-content\/uploads\/2026\/03\/dv-4-300x103.png"},"thumbnail":{"file":"dv-4-150x150.png","width":150,"height":150,"filesize":13577,"mime_type":"image\/png","source_url":"https:\/\/bilgitarif.com\/yeni\/wp-content\/uploads\/2026\/03\/dv-4-150x150.png"},"full":{"file":"dv-4.png","width":756,"height":260,"mime_type":"image\/png","source_url":"https:\/\/bilgitarif.com\/yeni\/wp-content\/uploads\/2026\/03\/dv-4.png"}},"image_meta":{"aperture":"0","credit":"","camera":"","caption":"","created_timestamp":"0","copyright":"","focal_length":"0","iso":"0","shutter_speed":"0","title":"","orientation":"0","keywords":[]}},"post":4557,"source_url":"https:\/\/bilgitarif.com\/yeni\/wp-content\/uploads\/2026\/03\/dv-4.png","_links":{"self":[{"href":"https:\/\/bilgitarif.com\/yeni\/wp-json\/wp\/v2\/media\/4558","targetHints":{"allow":["GET"]}}],"collection":[{"href":"https:\/\/bilgitarif.com\/yeni\/wp-json\/wp\/v2\/media"}],"about":[{"href":"https:\/\/bilgitarif.com\/yeni\/wp-json\/wp\/v2\/types\/attachment"}],"author":[{"embeddable":true,"href":"https:\/\/bilgitarif.com\/yeni\/wp-json\/wp\/v2\/users\/1"}],"replies":[{"embeddable":true,"href":"https:\/\/bilgitarif.com\/yeni\/wp-json\/wp\/v2\/comments?post=4558"}],"wp:attached-to":[{"embeddable":true,"post_type":"post","id":4557,"href":"https:\/\/bilgitarif.com\/yeni\/wp-json\/wp\/v2\/posts\/4557"}],"curies":[{"name":"wp","href":"https:\/\/api.w.org\/{rel}","templated":true}]}}

Yanındaki Kişi Kim Çıktı.

<p>Yıllar öncesine ait olduğu belirtilen fotoğrafta, Türkiye siyasetinin en önemli isimlerinden biri dikkat çekerken, asıl merak uyandıran detay ise hemen solunda duran genç isim oldu. O dönem henüz kimsenin tanımadığı bu “bıçkın delikanlı”, bugün kamuoyunun yakından bildiği bir figür mü? Fotoğrafın ortaya çıkmasıyla birlikte kulislerde ve sosyal medyada tahminler peş peşe gelmeye başladı. Peki Cumhurbaşkanı’nın solundaki o genç kim?.</p>
