{"id":3868,"date":"2025-07-24T00:04:16","date_gmt":"2025-07-24T00:04:16","guid":{"rendered":"https:\/\/bilgitarif.com\/yeni\/wp-content\/uploads\/2025\/07\/serdar.jpg"},"modified":"2025-07-24T00:04:18","modified_gmt":"2025-07-24T00:04:18","slug":"serdar","status":"inherit","type":"attachment","link":"https:\/\/bilgitarif.com\/yeni\/serdar-ortactan-aci-haber\/serdar\/","title":{"rendered":"serdar"},"author":1,"featured_media":0,"comment_status":"open","ping_status":"closed","template":"","meta":[],"class_list":["post-3868","attachment","type-attachment","status-inherit","hentry"],"description":{"rendered":"<p class=\"attachment\"><a href='https:\/\/bilgitarif.com\/yeni\/wp-content\/uploads\/2025\/07\/serdar.jpg'><img loading=\"lazy\" decoding=\"async\" width=\"300\" height=\"181\" src=\"https:\/\/bilgitarif.com\/yeni\/wp-content\/uploads\/2025\/07\/serdar-300x181.jpg\" class=\"attachment-medium size-medium\" alt=\"\" srcset=\"https:\/\/bilgitarif.com\/yeni\/wp-content\/uploads\/2025\/07\/serdar-300x181.jpg 300w, https:\/\/bilgitarif.com\/yeni\/wp-content\/uploads\/2025\/07\/serdar.jpg 522w\" sizes=\"auto, (max-width: 300px) 100vw, 300px\" \/><\/a><\/p>\n"},"caption":{"rendered":"<p>\u0130stanbul Bo\u011faz\u0131\u2019na kar\u015f\u0131 konumlanm\u0131\u015f 8 odal\u0131, 750 metrekarelik bir villas\u0131 oldu\u011fu bilinen Orta\u00e7 \u015fu ifadeleri kulland\u0131: \u201cFazla param da yok. Miras\u0131m\u0131 \u00e7al\u0131\u015fanlar\u0131ma b\u0131rakt\u0131m. Bir ev var, b\u00f6l\u00fc\u015fs\u00fcnler. Ne \u00e7ocuk var ne servet, sadece \u00e7al\u0131\u015fanlar\u0131m var. O tek evim onlar\u0131n olsun, kalan zaman\u0131m belli de\u011fil zaten.\u201d<\/p>\n<p>Serdar Orta\u00e7, konu hakk\u0131nda a\u00e7\u0131klamalarda bulundu.<br \/>\n\u00dcnl\u00fc sanat\u00e7\u0131, \u201c\u00d6mr\u00fcm ya 10-15 y\u0131l kald\u0131 ya da hi\u00e7\u201d dedi.<\/p>\n<p>Serdar Orta\u00e7, \u201cFazla param da yok. Miras\u0131m\u0131 \u00e7al\u0131\u015fanlar\u0131ma b\u0131rakt\u0131m. Bir ev var, b\u00f6l\u00fc\u015fs\u00fcnler. Ne \u00e7ocuk var ne servet, sadece \u00e7al\u0131\u015fanlar\u0131m var. O tek evim onlar\u0131n olsun, kalan zaman\u0131m belli de\u011fil zaten\u201d dedi.<\/p>\n<p>\u201c\u00d6MR\u00dcM 10 YIL KALDI\u201d<\/p>\n<p>Hastal\u0131\u011f\u0131 i\u00e7in yeni bir a\u00e7\u0131klama yapan Orta\u00e7, umutsuz ifadeler kullanarak \u015funlar\u0131 aktard\u0131: \u201c\u00d6mr\u00fcm ya 10-15 y\u0131l kald\u0131 ya da hi\u00e7\u2026 Zaten \u00e7oluk \u00e7ocuk da yok.\u201d \u00dcnl\u00fc pop\u00e7unun yapt\u0131\u011f\u0131 a\u00e7\u0131klamalar k\u0131sa s\u00fcrede dikkat \u00e7ekerken, takip\u00e7ilerinden de bir\u00e7ok destek mesaj\u0131 geldi.<\/p>\n<p>KAYNAK: MEDYA RADAR<\/p>\n"},"alt_text":"","media_type":"image","mime_type":"image\/jpeg","media_details":{"width":522,"height":315,"file":"2025\/07\/serdar.jpg","filesize":78847,"sizes":{"medium":{"file":"serdar-300x181.jpg","width":300,"height":181,"filesize":11578,"mime_type":"image\/jpeg","source_url":"https:\/\/bilgitarif.com\/yeni\/wp-content\/uploads\/2025\/07\/serdar-300x181.jpg"},"thumbnail":{"file":"serdar-150x150.jpg","width":150,"height":150,"filesize":5831,"mime_type":"image\/jpeg","source_url":"https:\/\/bilgitarif.com\/yeni\/wp-content\/uploads\/2025\/07\/serdar-150x150.jpg"},"full":{"file":"serdar.jpg","width":522,"height":315,"mime_type":"image\/jpeg","source_url":"https:\/\/bilgitarif.com\/yeni\/wp-content\/uploads\/2025\/07\/serdar.jpg"}},"image_meta":{"aperture":"0","credit":"","camera":"","caption":"","created_timestamp":"0","copyright":"","focal_length":"0","iso":"0","shutter_speed":"0","title":"","orientation":"0","keywords":[]}},"post":3865,"source_url":"https:\/\/bilgitarif.com\/yeni\/wp-content\/uploads\/2025\/07\/serdar.jpg","_links":{"self":[{"href":"https:\/\/bilgitarif.com\/yeni\/wp-json\/wp\/v2\/media\/3868","targetHints":{"allow":["GET"]}}],"collection":[{"href":"https:\/\/bilgitarif.com\/yeni\/wp-json\/wp\/v2\/media"}],"about":[{"href":"https:\/\/bilgitarif.com\/yeni\/wp-json\/wp\/v2\/types\/attachment"}],"author":[{"embeddable":true,"href":"https:\/\/bilgitarif.com\/yeni\/wp-json\/wp\/v2\/users\/1"}],"replies":[{"embeddable":true,"href":"https:\/\/bilgitarif.com\/yeni\/wp-json\/wp\/v2\/comments?post=3868"}],"wp:attached-to":[{"embeddable":true,"post_type":"post","id":3865,"href":"https:\/\/bilgitarif.com\/yeni\/wp-json\/wp\/v2\/posts\/3865"}],"curies":[{"name":"wp","href":"https:\/\/api.w.org\/{rel}","templated":true}]}}

<p>İstanbul Boğazı’na karşı konumlanmış 8 odalı, 750 metrekarelik bir villası olduğu bilinen Ortaç şu ifadeleri kullandı: “Fazla param da yok. Mirasımı çalışanlarıma bıraktım. Bir ev var, bölüşsünler. Ne çocuk var ne servet, sadece çalışanlarım var. O tek evim onların olsun, kalan zamanım belli değil zaten.”</p>
<p>Serdar Ortaç, konu hakkında açıklamalarda bulundu.<br />
Ünlü sanatçı, “Ömrüm ya 10-15 yıl kaldı ya da hiç” dedi.</p>
<p>Serdar Ortaç, “Fazla param da yok. Mirasımı çalışanlarıma bıraktım. Bir ev var, bölüşsünler. Ne çocuk var ne servet, sadece çalışanlarım var. O tek evim onların olsun, kalan zamanım belli değil zaten” dedi.</p>
<p>“ÖMRÜM 10 YIL KALDI”</p>
<p>Hastalığı için yeni bir açıklama yapan Ortaç, umutsuz ifadeler kullanarak şunları aktardı: “Ömrüm ya 10-15 yıl kaldı ya da hiç… Zaten çoluk çocuk da yok.” Ünlü popçunun yaptığı açıklamalar kısa sürede dikkat çekerken, takipçilerinden de birçok destek mesajı geldi.</p>
<p>KAYNAK: MEDYA RADAR</p>
