{"id":3841,"date":"2025-07-22T18:49:45","date_gmt":"2025-07-22T18:49:45","guid":{"rendered":"https:\/\/bilgitarif.com\/yeni\/wp-content\/uploads\/2025\/07\/ff-7.webp"},"modified":"2025-07-22T18:49:55","modified_gmt":"2025-07-22T18:49:55","slug":"ff-20","status":"inherit","type":"attachment","link":"https:\/\/bilgitarif.com\/yeni\/ilber-ortayli-trafik-kazasi-gecirdi\/ff-20\/","title":{"rendered":"\u0130lber Ortayl\u0131 Trafik Kazas\u0131 Ge\u00e7irdi"},"author":1,"featured_media":0,"comment_status":"open","ping_status":"closed","template":"","meta":[],"class_list":["post-3841","attachment","type-attachment","status-inherit","hentry"],"description":{"rendered":"<p class=\"attachment\"><a href='https:\/\/bilgitarif.com\/yeni\/wp-content\/uploads\/2025\/07\/ff-7.webp'><img loading=\"lazy\" decoding=\"async\" width=\"300\" height=\"81\" src=\"https:\/\/bilgitarif.com\/yeni\/wp-content\/uploads\/2025\/07\/ff-7-300x81.webp\" class=\"attachment-medium size-medium\" alt=\"\" srcset=\"https:\/\/bilgitarif.com\/yeni\/wp-content\/uploads\/2025\/07\/ff-7-300x81.webp 300w, https:\/\/bilgitarif.com\/yeni\/wp-content\/uploads\/2025\/07\/ff-7-1024x275.webp 1024w, https:\/\/bilgitarif.com\/yeni\/wp-content\/uploads\/2025\/07\/ff-7-768x206.webp 768w, https:\/\/bilgitarif.com\/yeni\/wp-content\/uploads\/2025\/07\/ff-7.webp 1200w\" sizes=\"auto, (max-width: 300px) 100vw, 300px\" \/><\/a><\/p>\n"},"caption":{"rendered":"<p>\u0130lber Ortayl\u0131&#8217;dan korkutan haber! \u00dcnl\u00fc tarih\u00e7i Prof. Dr. \u0130lber Ortayl\u0131&#8217;dan gelen haber yak\u0131nlar\u0131n\u0131 ve sevenlerini korkuttu.<\/p>\n"},"alt_text":"","media_type":"image","mime_type":"image\/webp","media_details":{"width":1200,"height":322,"file":"2025\/07\/ff-7.webp","filesize":70758,"sizes":{"medium":{"file":"ff-7-300x81.webp","width":300,"height":81,"filesize":5226,"mime_type":"image\/webp","source_url":"https:\/\/bilgitarif.com\/yeni\/wp-content\/uploads\/2025\/07\/ff-7-300x81.webp"},"large":{"file":"ff-7-1024x275.webp","width":1024,"height":275,"filesize":50490,"mime_type":"image\/webp","source_url":"https:\/\/bilgitarif.com\/yeni\/wp-content\/uploads\/2025\/07\/ff-7-1024x275.webp"},"thumbnail":{"file":"ff-7-150x150.webp","width":150,"height":150,"filesize":4558,"mime_type":"image\/webp","source_url":"https:\/\/bilgitarif.com\/yeni\/wp-content\/uploads\/2025\/07\/ff-7-150x150.webp"},"medium_large":{"file":"ff-7-768x206.webp","width":768,"height":206,"filesize":29676,"mime_type":"image\/webp","source_url":"https:\/\/bilgitarif.com\/yeni\/wp-content\/uploads\/2025\/07\/ff-7-768x206.webp"},"full":{"file":"ff-7.webp","width":1200,"height":322,"mime_type":"image\/webp","source_url":"https:\/\/bilgitarif.com\/yeni\/wp-content\/uploads\/2025\/07\/ff-7.webp"}},"image_meta":{"aperture":"0","credit":"","camera":"","caption":"","created_timestamp":"0","copyright":"","focal_length":"0","iso":"0","shutter_speed":"0","title":"","orientation":"0","keywords":[]}},"post":3840,"source_url":"https:\/\/bilgitarif.com\/yeni\/wp-content\/uploads\/2025\/07\/ff-7.webp","_links":{"self":[{"href":"https:\/\/bilgitarif.com\/yeni\/wp-json\/wp\/v2\/media\/3841","targetHints":{"allow":["GET"]}}],"collection":[{"href":"https:\/\/bilgitarif.com\/yeni\/wp-json\/wp\/v2\/media"}],"about":[{"href":"https:\/\/bilgitarif.com\/yeni\/wp-json\/wp\/v2\/types\/attachment"}],"author":[{"embeddable":true,"href":"https:\/\/bilgitarif.com\/yeni\/wp-json\/wp\/v2\/users\/1"}],"replies":[{"embeddable":true,"href":"https:\/\/bilgitarif.com\/yeni\/wp-json\/wp\/v2\/comments?post=3841"}],"wp:attached-to":[{"embeddable":true,"post_type":"post","id":3840,"href":"https:\/\/bilgitarif.com\/yeni\/wp-json\/wp\/v2\/posts\/3840"}],"curies":[{"name":"wp","href":"https:\/\/api.w.org\/{rel}","templated":true}]}}

İlber Ortaylı Trafik Kazası Geçirdi

<p>İlber Ortaylı&#8217;dan korkutan haber! Ünlü tarihçi Prof. Dr. İlber Ortaylı&#8217;dan gelen haber yakınlarını ve sevenlerini korkuttu.</p>
