{"id":2692,"date":"2025-05-24T22:20:25","date_gmt":"2025-05-24T22:20:25","guid":{"rendered":"https:\/\/bilgitarif.com\/yeni\/wp-content\/uploads\/2025\/05\/balkonuna-yazilan-yazi.jpg"},"modified":"2025-05-24T22:20:29","modified_gmt":"2025-05-24T22:20:29","slug":"balkonuna-yazilan-yazi","status":"inherit","type":"attachment","link":"https:\/\/bilgitarif.com\/yeni\/balkonuna-asilan-yaziyi-gorenler-vazgeciyor\/balkonuna-yazilan-yazi\/","title":{"rendered":"balkonuna yazilan yazi"},"author":1,"featured_media":0,"comment_status":"open","ping_status":"closed","template":"","meta":[],"class_list":["post-2692","attachment","type-attachment","status-inherit","hentry"],"description":{"rendered":"<p class=\"attachment\"><a href='https:\/\/bilgitarif.com\/yeni\/wp-content\/uploads\/2025\/05\/balkonuna-yazilan-yazi.jpg'><img loading=\"lazy\" decoding=\"async\" width=\"300\" height=\"185\" src=\"https:\/\/bilgitarif.com\/yeni\/wp-content\/uploads\/2025\/05\/balkonuna-yazilan-yazi-300x185.jpg\" class=\"attachment-medium size-medium\" alt=\"\" srcset=\"https:\/\/bilgitarif.com\/yeni\/wp-content\/uploads\/2025\/05\/balkonuna-yazilan-yazi-300x185.jpg 300w, https:\/\/bilgitarif.com\/yeni\/wp-content\/uploads\/2025\/05\/balkonuna-yazilan-yazi.jpg 747w\" sizes=\"auto, (max-width: 300px) 100vw, 300px\" \/><\/a><\/p>\n"},"caption":{"rendered":"<p>&#8220;Bu Villa Sat\u0131lamaz!&#8221; Pankart\u0131 Mahallede G\u00fcndem Oldu<\/p>\n<p>Tokat\u2019ta ya\u015fayan 77 ya\u015f\u0131ndaki emekli Ali Y\u0131lmaz, o\u011flu taraf\u0131ndan sat\u0131\u015fa \u00e7\u0131kar\u0131lan villas\u0131na ilgin\u00e7 bir tepki g\u00f6sterdi. Y\u0131lmaz, sat\u0131\u015fa kar\u015f\u0131 oldu\u011funu belirtmek i\u00e7in evinin balkonuna dikkat \u00e7eken bir pankart ast\u0131.<\/p>\n<p>3 katl\u0131 villan\u0131n yer ald\u0131\u011f\u0131 Kar\u015f\u0131yaka Mahallesi, Yeni\u015fehir Caddesi\u2019nde ya\u015fanan olayda, Ali Y\u0131lmaz balkona \u015fu ifadelerin yer ald\u0131\u011f\u0131 pankart\u0131 ast\u0131:<br \/>\n\u201cBu villa sat\u0131lamaz. Baba o\u011fula tapu etmi\u015ftir. Hay\u0131rs\u0131z evlat bu villay\u0131 mutlaka satamaz. M\u00fcnazaal\u0131d\u0131r, baba o\u011ful kavgal\u0131d\u0131r.\u201d<\/p>\n<p>Y\u0131lmaz\u2019\u0131n bu tepkisi mahallede k\u0131sa s\u00fcrede konu\u015fulmaya ba\u015fland\u0131. Pankart\u0131 g\u00f6ren baz\u0131 al\u0131c\u0131lar\u0131n evle ilgilenmeden b\u00f6lgeden ayr\u0131ld\u0131\u011f\u0131 \u00f6\u011frenildi.<\/p>\n<p>Ev \u00fczerindeki anla\u015fmazl\u0131\u011f\u0131n baba ile o\u011ful aras\u0131nda ciddi bir krize d\u00f6n\u00fc\u015ft\u00fc\u011f\u00fc, taraflar\u0131n uzla\u015fma sa\u011flamad\u0131\u011f\u0131 bildirildi.<\/p>\n<p>Kaynak: posta.com.tr<\/p>\n"},"alt_text":"","media_type":"image","mime_type":"image\/jpeg","media_details":{"width":747,"height":461,"file":"2025\/05\/balkonuna-yazilan-yazi.jpg","filesize":265306,"sizes":{"medium":{"file":"balkonuna-yazilan-yazi-300x185.jpg","width":300,"height":185,"filesize":15239,"mime_type":"image\/jpeg","source_url":"https:\/\/bilgitarif.com\/yeni\/wp-content\/uploads\/2025\/05\/balkonuna-yazilan-yazi-300x185.jpg"},"thumbnail":{"file":"balkonuna-yazilan-yazi-150x150.jpg","width":150,"height":150,"filesize":6732,"mime_type":"image\/jpeg","source_url":"https:\/\/bilgitarif.com\/yeni\/wp-content\/uploads\/2025\/05\/balkonuna-yazilan-yazi-150x150.jpg"},"full":{"file":"balkonuna-yazilan-yazi.jpg","width":747,"height":461,"mime_type":"image\/jpeg","source_url":"https:\/\/bilgitarif.com\/yeni\/wp-content\/uploads\/2025\/05\/balkonuna-yazilan-yazi.jpg"}},"image_meta":{"aperture":"0","credit":"","camera":"","caption":"","created_timestamp":"0","copyright":"","focal_length":"0","iso":"0","shutter_speed":"0","title":"","orientation":"0","keywords":[]}},"post":2690,"source_url":"https:\/\/bilgitarif.com\/yeni\/wp-content\/uploads\/2025\/05\/balkonuna-yazilan-yazi.jpg","_links":{"self":[{"href":"https:\/\/bilgitarif.com\/yeni\/wp-json\/wp\/v2\/media\/2692","targetHints":{"allow":["GET"]}}],"collection":[{"href":"https:\/\/bilgitarif.com\/yeni\/wp-json\/wp\/v2\/media"}],"about":[{"href":"https:\/\/bilgitarif.com\/yeni\/wp-json\/wp\/v2\/types\/attachment"}],"author":[{"embeddable":true,"href":"https:\/\/bilgitarif.com\/yeni\/wp-json\/wp\/v2\/users\/1"}],"replies":[{"embeddable":true,"href":"https:\/\/bilgitarif.com\/yeni\/wp-json\/wp\/v2\/comments?post=2692"}],"wp:attached-to":[{"embeddable":true,"post_type":"post","id":2690,"href":"https:\/\/bilgitarif.com\/yeni\/wp-json\/wp\/v2\/posts\/2690"}],"curies":[{"name":"wp","href":"https:\/\/api.w.org\/{rel}","templated":true}]}}

<p>&#8220;Bu Villa Satılamaz!&#8221; Pankartı Mahallede Gündem Oldu</p>
<p>Tokat’ta yaşayan 77 yaşındaki emekli Ali Yılmaz, oğlu tarafından satışa çıkarılan villasına ilginç bir tepki gösterdi. Yılmaz, satışa karşı olduğunu belirtmek için evinin balkonuna dikkat çeken bir pankart astı.</p>
<p>3 katlı villanın yer aldığı Karşıyaka Mahallesi, Yenişehir Caddesi’nde yaşanan olayda, Ali Yılmaz balkona şu ifadelerin yer aldığı pankartı astı:<br />
“Bu villa satılamaz. Baba oğula tapu etmiştir. Hayırsız evlat bu villayı mutlaka satamaz. Münazaalıdır, baba oğul kavgalıdır.”</p>
<p>Yılmaz’ın bu tepkisi mahallede kısa sürede konuşulmaya başlandı. Pankartı gören bazı alıcıların evle ilgilenmeden bölgeden ayrıldığı öğrenildi.</p>
<p>Ev üzerindeki anlaşmazlığın baba ile oğul arasında ciddi bir krize dönüştüğü, tarafların uzlaşma sağlamadığı bildirildi.</p>
<p>Kaynak: posta.com.tr</p>
