{"id":1897,"date":"2025-03-31T21:34:17","date_gmt":"2025-03-31T21:34:17","guid":{"rendered":"https:\/\/bilgitarif.com\/yeni\/wp-content\/uploads\/2025\/03\/ccv.jpg"},"modified":"2025-03-31T21:34:18","modified_gmt":"2025-03-31T21:34:18","slug":"ccv","status":"inherit","type":"attachment","link":"https:\/\/bilgitarif.com\/yeni\/luks-rezidansta\/ccv\/","title":{"rendered":"ccv"},"author":1,"featured_media":0,"comment_status":"open","ping_status":"closed","template":"","meta":[],"class_list":["post-1897","attachment","type-attachment","status-inherit","hentry"],"description":{"rendered":"<p class=\"attachment\"><a href='https:\/\/bilgitarif.com\/yeni\/wp-content\/uploads\/2025\/03\/ccv.jpg'><img loading=\"lazy\" decoding=\"async\" width=\"300\" height=\"186\" src=\"https:\/\/bilgitarif.com\/yeni\/wp-content\/uploads\/2025\/03\/ccv-300x186.jpg\" class=\"attachment-medium size-medium\" alt=\"\" srcset=\"https:\/\/bilgitarif.com\/yeni\/wp-content\/uploads\/2025\/03\/ccv-300x186.jpg 300w, https:\/\/bilgitarif.com\/yeni\/wp-content\/uploads\/2025\/03\/ccv-768x475.jpg 768w, https:\/\/bilgitarif.com\/yeni\/wp-content\/uploads\/2025\/03\/ccv.jpg 800w\" sizes=\"auto, (max-width: 300px) 100vw, 300px\" \/><\/a><\/p>\n"},"caption":{"rendered":"<p>Olay, Kartal\u2019da tespit edilen rezidansta evvelceki g\u00fcn saat 23.00 s\u0131ralar\u0131nda meydana geldi. Evli ve \u00fc\u00e7 \u00e7ocuk babas\u0131 \u00d6mer \u00d6ktem, bir s\u00fcredir e\u015f g\u00fcd\u00fcml\u00fc bulundu\u011fu estetisyen Selin Yal\u0131n\u2019\u0131 (39) t-banca ile v-urarak \u00f6-ld-\u00fcrd\u00fc. 47 ya\u015f\u0131ndaki \u00d6ktem, daha sonra Yal\u0131n\u2019\u0131n eni\u015ftesi Mesut To\u011fay\u2019\u0131 arayarak i-ti-har etti\u011fini s\u00f6yledi.<br \/>\nC-NAYET\u0130 \u0130T-\u0130RAF ETT\u0130<br \/>\nYakla\u015f\u0131k sekiz senedir imam nikahl\u0131 olduklar\u0131n\u0131 iddia eden \u00d6ktem, daireye saat 13.00 s\u0131ralar\u0131nda geldi\u011fini, Yal\u0131n ile alkol ald\u0131klar\u0131n\u0131 daha sonra tart\u0131\u015fmaya ba\u015flad\u0131klar\u0131n\u0131 ifade etti.<\/p>\n<p>\u00d6ktem, dairede tespit edilen ta-bancay\u0131 \u00e7\u0131kararak duvara ate\u015f etti\u011fini, daha sonra \u015farj\u00f6rdeki fi\u015fekleri \u00e7\u0131kard\u0131\u011f\u0131n\u0131 s\u00f6yledi. \u00d6ktem, bu s\u0131rada Selin Yal\u0131n\u2019\u0131n ta-bancay\u0131 alarak i-tihar etti\u011fini iddia etti. Polis merkezine g\u00f6t\u00fcr\u00fclen \u00d6ktem, evvelce hata sonucu Yal\u0131n\u2019a ate\u015f etti\u011fini s\u00f6ylerken, daha sonra ci-nayeti i\u015fledi\u011fini it-iraf etti.<\/p>\n<p>POL\u0130S TUTANAKLARINI KABUL ETMED\u0130<br \/>\nEmniyetteki i\u015flemlerinin sonras\u0131nda Kartal\u2019taki Anadolu Adliyesi\u2019nde sevk edilen \u00d6mer \u00d6ktem tutukland\u0131. \u00d6ktem\u2019in hakimlik ifadesi meydana \u00e7\u0131kt\u0131.<br \/>\nPolis tutanaklar\u0131n\u0131 kabul etmedi\u011fi dile getiren \u00d6mer \u00d6ktem, \u201cKesinlikle Selin\u2019i kasten \u00f6ld\u00fcrmedim. Selin benim a\u015fa\u011f\u0131 yukar\u0131 8 senelik k\u0131z arkada\u015f\u0131md\u0131. Babas\u0131n\u0131n vefat\u0131ndan sonra psikolojik olarak etkilendi. Kendisinin \u00fczerinde devaml\u0131 annesinin bask\u0131s\u0131 olur. Psikolojik olarak dolar ve bir anda sinir pa-tlamas\u0131 ya\u015fam s\u00fcrd\u00fcren bir insand\u0131. Hakk\u0131m\u0131zdaki kavga ihbar\u0131 bu nedenledir. Biz kavga etmedik. Ben kendine zarar vermesini istemedi\u011fim amac\u0131yla s-lah\u0131n mer-milerini bo\u015falt\u0131yordum. Bu esnada s-la-ha do\u011fru at\u0131l\u0131m yapt\u0131. Ben kendine zarar vermesinden ve intihar etmesinden korktu\u011fum amac\u0131yla ondan evvelce davrand\u0131m. S-l-ah\u0131 almaya \u00e7al\u0131\u015f\u0131rken aniden silah patlad\u0131 ve Selin koltu\u011fa y\u0131\u011f\u0131ld\u0131. Bu esnada ben \u015foka girdim. Kendisine kalp masaj\u0131 yapt\u0131m. Daha sonra intihar etmeyi d\u00fc\u015f\u00fcnd\u00fcm. S-la-ha bir m-ermi koydum ve k-fama dayad\u0131m ancak \u00e7ocuklar\u0131m g\u00f6z\u00fcm\u00fcn \u00f6n\u00fcne gelince duvara do\u011fru ate\u015f ettim. Silah\u0131 Selin\u2019in eline tutu\u015fturmad\u0131m. Polis tutana\u011f\u0131n\u0131 kabul etmiyorum. Olaya i-tihar s\u00fcs\u00fc vermek istemedim\u201d \u015feklinde konu\u015ftu.<br \/>\nPolis tutanaklar\u0131nda kanlar i\u00e7ersinde tespit edilen Selin Yal\u0131n\u2019\u0131n sol elinde silah bulundu\u011fu belirtilmi\u015fti.<\/p>\n<p>YALIN KUZEN\u0130N\u0130N CENAZES\u0130NE KATILMADI<br \/>\nMaltepe Merkez Camii\u2019nde cuma namaz\u0131n\u0131n sonras\u0131nda estetisyen Selin Yal\u0131n\u2019\u0131n cenaze namaz\u0131 kal\u0131nd\u0131. Yal\u0131n\u2019\u0131n aile yak\u0131nlar\u0131, cenazede g\u00f6zya\u015f\u0131 d\u00f6kt\u00fc.<br \/>\nSelin Yal\u0131n\u2019\u0131n, Ba\u015f\u0131b\u00fcy\u00fck Mezarl\u0131\u011f\u0131\u2019na defnedildi. Rezidansta \u00f6ld\u00fcr\u00fclen estetisyenin, \u00fcnl\u00fc \u015fark\u0131c\u0131 Yal\u0131n\u2019\u0131n kuzeni bulundu\u011fu meydana \u00e7\u0131kt\u0131. Yal\u0131n\u2019\u0131n, kuzeninin cenaze namaz\u0131na kat\u0131lmad\u0131\u011f\u0131 g\u00f6r\u00fcld\u00fc.<\/p>\n"},"alt_text":"","media_type":"image","mime_type":"image\/jpeg","media_details":{"width":800,"height":495,"file":"2025\/03\/ccv.jpg","filesize":271110,"sizes":{"medium":{"file":"ccv-300x186.jpg","width":300,"height":186,"filesize":12998,"mime_type":"image\/jpeg","source_url":"https:\/\/bilgitarif.com\/yeni\/wp-content\/uploads\/2025\/03\/ccv-300x186.jpg"},"thumbnail":{"file":"ccv-150x150.jpg","width":150,"height":150,"filesize":6119,"mime_type":"image\/jpeg","source_url":"https:\/\/bilgitarif.com\/yeni\/wp-content\/uploads\/2025\/03\/ccv-150x150.jpg"},"medium_large":{"file":"ccv-768x475.jpg","width":768,"height":475,"filesize":59134,"mime_type":"image\/jpeg","source_url":"https:\/\/bilgitarif.com\/yeni\/wp-content\/uploads\/2025\/03\/ccv-768x475.jpg"},"full":{"file":"ccv.jpg","width":800,"height":495,"mime_type":"image\/jpeg","source_url":"https:\/\/bilgitarif.com\/yeni\/wp-content\/uploads\/2025\/03\/ccv.jpg"}},"image_meta":{"aperture":"0","credit":"","camera":"","caption":"","created_timestamp":"0","copyright":"","focal_length":"0","iso":"0","shutter_speed":"0","title":"","orientation":"0","keywords":[]}},"post":1895,"source_url":"https:\/\/bilgitarif.com\/yeni\/wp-content\/uploads\/2025\/03\/ccv.jpg","_links":{"self":[{"href":"https:\/\/bilgitarif.com\/yeni\/wp-json\/wp\/v2\/media\/1897","targetHints":{"allow":["GET"]}}],"collection":[{"href":"https:\/\/bilgitarif.com\/yeni\/wp-json\/wp\/v2\/media"}],"about":[{"href":"https:\/\/bilgitarif.com\/yeni\/wp-json\/wp\/v2\/types\/attachment"}],"author":[{"embeddable":true,"href":"https:\/\/bilgitarif.com\/yeni\/wp-json\/wp\/v2\/users\/1"}],"replies":[{"embeddable":true,"href":"https:\/\/bilgitarif.com\/yeni\/wp-json\/wp\/v2\/comments?post=1897"}],"wp:attached-to":[{"embeddable":true,"post_type":"post","id":1895,"href":"https:\/\/bilgitarif.com\/yeni\/wp-json\/wp\/v2\/posts\/1895"}],"curies":[{"name":"wp","href":"https:\/\/api.w.org\/{rel}","templated":true}]}}

<p>Olay, Kartal’da tespit edilen rezidansta evvelceki gün saat 23.00 sıralarında meydana geldi. Evli ve üç çocuk babası Ömer Öktem, bir süredir eş güdümlü bulunduğu estetisyen Selin Yalın’ı (39) t-banca ile v-urarak ö-ld-ürdü. 47 yaşındaki Öktem, daha sonra Yalın’ın eniştesi Mesut Toğay’ı arayarak i-ti-har ettiğini söyledi.<br />
C-NAYETİ İT-İRAF ETTİ<br />
Yaklaşık sekiz senedir imam nikahlı olduklarını iddia eden Öktem, daireye saat 13.00 sıralarında geldiğini, Yalın ile alkol aldıklarını daha sonra tartışmaya başladıklarını ifade etti.</p>
<p>Öktem, dairede tespit edilen ta-bancayı çıkararak duvara ateş ettiğini, daha sonra şarjördeki fişekleri çıkardığını söyledi. Öktem, bu sırada Selin Yalın’ın ta-bancayı alarak i-tihar ettiğini iddia etti. Polis merkezine götürülen Öktem, evvelce hata sonucu Yalın’a ateş ettiğini söylerken, daha sonra ci-nayeti işlediğini it-iraf etti.</p>
<p>POLİS TUTANAKLARINI KABUL ETMEDİ<br />
Emniyetteki işlemlerinin sonrasında Kartal’taki Anadolu Adliyesi’nde sevk edilen Ömer Öktem tutuklandı. Öktem’in hakimlik ifadesi meydana çıktı.<br />
Polis tutanaklarını kabul etmediği dile getiren Ömer Öktem, “Kesinlikle Selin’i kasten öldürmedim. Selin benim aşağı yukarı 8 senelik kız arkadaşımdı. Babasının vefatından sonra psikolojik olarak etkilendi. Kendisinin üzerinde devamlı annesinin baskısı olur. Psikolojik olarak dolar ve bir anda sinir pa-tlaması yaşam sürdüren bir insandı. Hakkımızdaki kavga ihbarı bu nedenledir. Biz kavga etmedik. Ben kendine zarar vermesini istemediğim amacıyla s-lahın mer-milerini boşaltıyordum. Bu esnada s-la-ha doğru atılım yaptı. Ben kendine zarar vermesinden ve intihar etmesinden korktuğum amacıyla ondan evvelce davrandım. S-l-ahı almaya çalışırken aniden silah patladı ve Selin koltuğa yığıldı. Bu esnada ben şoka girdim. Kendisine kalp masajı yaptım. Daha sonra intihar etmeyi düşündüm. S-la-ha bir m-ermi koydum ve k-fama dayadım ancak çocuklarım gözümün önüne gelince duvara doğru ateş ettim. Silahı Selin’in eline tutuşturmadım. Polis tutanağını kabul etmiyorum. Olaya i-tihar süsü vermek istemedim” şeklinde konuştu.<br />
Polis tutanaklarında kanlar içersinde tespit edilen Selin Yalın’ın sol elinde silah bulunduğu belirtilmişti.</p>
<p>YALIN KUZENİNİN CENAZESİNE KATILMADI<br />
Maltepe Merkez Camii’nde cuma namazının sonrasında estetisyen Selin Yalın’ın cenaze namazı kalındı. Yalın’ın aile yakınları, cenazede gözyaşı döktü.<br />
Selin Yalın’ın, Başıbüyük Mezarlığı’na defnedildi. Rezidansta öldürülen estetisyenin, ünlü şarkıcı Yalın’ın kuzeni bulunduğu meydana çıktı. Yalın’ın, kuzeninin cenaze namazına katılmadığı görüldü.</p>
